{"id":365,"date":"2022-10-13T13:45:42","date_gmt":"2022-10-13T11:45:42","guid":{"rendered":"https:\/\/webfach.vxm.pl\/liceum\/?page_id=365"},"modified":"2022-11-13T14:37:14","modified_gmt":"2022-11-13T13:37:14","slug":"tutoring","status":"publish","type":"page","link":"https:\/\/www.pspo.edu.pl\/liceum\/strefa-ucznia\/tutoring\/","title":{"rendered":"Tutoring"},"content":{"rendered":"<h3><strong>\u201eNa szcz\u0119\u015bcie mamy tutoring\u2026\u201d<\/strong><\/h3>\n<p>\u017bycie licealisty nie jest \u0142atwe \u2013 wyzwania dnia codziennego, widmo zbli\u017caj\u0105cej si\u0119 matury, zagubienie w g\u0105szczu ludzkich relacji\u2026 Ale w naszej szkole mamy co\u015b, dzi\u0119ki czemu ka\u017cd\u0105 przeszkod\u0119 potrafimy przekszta\u0142ci\u0107 w pozytywne wyzwanie; to tutoring!<\/p>\n<p><strong>Na czym polega?<\/strong><\/p>\n<p>Tutoring to metoda w edukacji, kt\u00f3ra na pierwszym miejscu stawia zindywidualizowany kontakt mi\u0119dzy nauczycielem (tutorem \u2013 z \u0142ac. opiekun)<br \/>\na uczniem. W naszej szkole uczymy si\u0119 w ma\u0142ych grupach, cz\u0119sto metod\u0105 eksperyment\u00f3w i do\u015bwiadcze\u0144, rozmawiaj\u0105c i konsultuj\u0105c to, co robimy z naszymi nauczycielami. Ten indywidualny kontakt jest podstaw\u0105. Opr\u00f3cz nauki stawiamy te\u017c na rozw\u00f3j osobisty, dlatego ka\u017cdy z nas pracuje regularnie nad w\u0142asnym rozwojem z indywidualnym tutorem, kt\u00f3ry jest dla nas wsparciem, czasem motywatorem, ale zawsze: naszym przyjacielem. Relacja, jak\u0105 tworzymy podczas tych spotka\u0144 to najsilniejsza strona tego systemu \u2013 w szkole czujemy si\u0119 bezpiecznie, ciep\u0142o, troch\u0119 jak w domu, dzi\u0119ki czemu mo\u017cemy skupi\u0107 si\u0119 na efektywnej nauce.<\/p>\n<p><strong>Jakie korzy\u015bci z wprowadzenia systemu tutoringowego zauwa\u017camy?<\/strong><\/p>\n<ul>\n<li>Ch\u0119tniej anga\u017cujemy si\u0119 w nauk\u0119,<\/li>\n<li>Czujemy si\u0119 bardziej odpowiedzialni za swoje \u017cycie,<\/li>\n<li>Mamy czas na rozw\u00f3j naszych pasji i zainteresowa\u0144,<\/li>\n<li>Czujemy, \u017ce jeste\u015bmy traktowani powa\u017cnie i z szacunkiem,<\/li>\n<li>Lepiej organizujemy sw\u00f3j czas.<\/li>\n<\/ul>\n<p><strong>Oto pierwsze wra\u017cenia po wprowadzeniu tego rozwi\u0105zania do naszej szko\u0142y:<\/strong><\/p>\n<p><em>&#8222;Jestem bardzo mile zaskoczona spotkaniami indywidualnymi. To naprawd\u0119 czas tylko dla ucznia i tutora, co gwarantuje stuprocentowe skupienie na drugiej osobie&#8221;.<\/em><\/p>\n<p><em>&#8222;Podoba mi si\u0119, \u017ce nauczyciel mo\u017ce dostosowa\u0107 poziom nauczania do ucznia &#8211; je\u015bli co\u015b ju\u017c umiem, mog\u0119 robi\u0107 trudniejsze zadania; je\u015bli nie dostaj\u0119 dodatkowe dzia\u0142ania do rozwi\u0105zania i pomoc nauczyciela. Jest pe\u0142na indywidualizacja&#8221;.<\/em><\/p>\n<p><em>&#8222;Na pocz\u0105tku trudno by\u0142o si\u0119 przestawi\u0107, teraz jest ju\u017c OK. Bardzo doceniam to, \u017ce mog\u0119 skupi\u0107 si\u0119 na swoich pasjach. Wa\u017cny jest dla mnie te\u017c kontakt z tutorem &#8211; najwa\u017cniejsze jest to, \u017ce mnie bardzo skutecznie motywuje, a poza tym udzieli\u0142 mi naprawd\u0119 wa\u017cnych rad dotycz\u0105cych wyboru rozszerzenia&#8221;.<\/em><\/p>\n<p>Ameryka\u0144ski pisarz Tom Peters, powiedzia\u0142: \u201eNie ma \u017cadnego usprawiedliwienia, by nie sta\u0107 si\u0119 wielkim\u201d &#8211; w naszym liceum przyjmowane s\u0105 r\u00f3\u017cne usprawiedliwienia, za wyj\u0105tkiem jednego \u2013 nie mo\u017cna przesta\u0107 si\u0119 rozwija\u0107. Tutoring to system, kt\u00f3ry wspiera nas w wyzwaniu, jakim jest w\u0142asny rozw\u00f3j.<\/p>\n<p>Je\u015bli chcesz dowiedzie\u0107 si\u0119 wi\u0119cej, zapraszamy na stron\u0119 naszego\u00a0<a class=\" \" href=\"http:\/\/www.pspo.edu.pl\/edukurier\/\">Edukuriera<\/a>.<\/p>\n<!-- AddThis Advanced Settings generic via filter on the_content --><!-- AddThis Share Buttons generic via filter on the_content -->","protected":false},"excerpt":{"rendered":"<p>\u201eNa szcz\u0119\u015bcie mamy tutoring\u2026\u201d \u017bycie licealisty nie jest \u0142atwe \u2013 wyzwania dnia codziennego, widmo zbli\u017caj\u0105cej si\u0119 matury, zagubienie w g\u0105szczu ludzkich relacji\u2026 Ale w naszej szkole mamy co\u015b, dzi\u0119ki czemu ka\u017cd\u0105 przeszkod\u0119 potrafimy przekszta\u0142ci\u0107 w pozytywne wyzwanie; to tutoring! Na czym polega? Tutoring to metoda w edukacji, kt\u00f3ra na pierwszym miejscu stawia zindywidualizowany kontakt mi\u0119dzy &hellip;<!-- AddThis Advanced Settings generic via filter on get_the_excerpt --><!-- AddThis Share Buttons generic via filter on get_the_excerpt --><\/p>\n","protected":false},"author":1,"featured_media":0,"parent":359,"menu_order":0,"comment_status":"closed","ping_status":"closed","template":"","meta":{"inline_featured_image":false,"ngg_post_thumbnail":0,"footnotes":""},"class_list":["post-365","page","type-page","status-publish","hentry"],"yoast_head":"<!-- This site is optimized with the Yoast SEO plugin v27.4 - https:\/\/yoast.com\/product\/yoast-seo-wordpress\/ -->\n<title>Tutoring - LON<\/title>\n<meta name=\"robots\" content=\"index, follow, max-snippet:-1, max-image-preview:large, max-video-preview:-1\" \/>\n<link rel=\"canonical\" href=\"https:\/\/www.pspo.edu.pl\/liceum\/strefa-ucznia\/tutoring\/\" \/>\n<meta property=\"og:locale\" content=\"pl_PL\" \/>\n<meta property=\"og:type\" content=\"article\" \/>\n<meta property=\"og:title\" content=\"Tutoring - LON\" \/>\n<meta property=\"og:description\" content=\"\u201eNa szcz\u0119\u015bcie mamy tutoring\u2026\u201d \u017bycie licealisty nie jest \u0142atwe \u2013 wyzwania dnia codziennego, widmo zbli\u017caj\u0105cej si\u0119 matury, zagubienie w g\u0105szczu ludzkich relacji\u2026 Ale w naszej szkole mamy co\u015b, dzi\u0119ki czemu ka\u017cd\u0105 przeszkod\u0119 potrafimy przekszta\u0142ci\u0107 w pozytywne wyzwanie; to tutoring! Na czym polega? Tutoring to metoda w edukacji, kt\u00f3ra na pierwszym miejscu stawia zindywidualizowany kontakt mi\u0119dzy &hellip;\" \/>\n<meta property=\"og:url\" content=\"https:\/\/www.pspo.edu.pl\/liceum\/strefa-ucznia\/tutoring\/\" \/>\n<meta property=\"og:site_name\" content=\"LON\" \/>\n<meta property=\"article:modified_time\" content=\"2022-11-13T13:37:14+00:00\" \/>\n<meta name=\"twitter:card\" content=\"summary_large_image\" \/>\n<script type=\"application\/ld+json\" class=\"yoast-schema-graph\">{\"@context\":\"https:\\\/\\\/schema.org\",\"@graph\":[{\"@type\":\"WebPage\",\"@id\":\"https:\\\/\\\/www.pspo.edu.pl\\\/liceum\\\/strefa-ucznia\\\/tutoring\\\/\",\"url\":\"https:\\\/\\\/www.pspo.edu.pl\\\/liceum\\\/strefa-ucznia\\\/tutoring\\\/\",\"name\":\"Tutoring - LON\",\"isPartOf\":{\"@id\":\"https:\\\/\\\/www.pspo.edu.pl\\\/liceum\\\/#website\"},\"datePublished\":\"2022-10-13T11:45:42+00:00\",\"dateModified\":\"2022-11-13T13:37:14+00:00\",\"breadcrumb\":{\"@id\":\"https:\\\/\\\/www.pspo.edu.pl\\\/liceum\\\/strefa-ucznia\\\/tutoring\\\/#breadcrumb\"},\"inLanguage\":\"pl-PL\",\"potentialAction\":[{\"@type\":\"ReadAction\",\"target\":[\"https:\\\/\\\/www.pspo.edu.pl\\\/liceum\\\/strefa-ucznia\\\/tutoring\\\/\"]}]},{\"@type\":\"BreadcrumbList\",\"@id\":\"https:\\\/\\\/www.pspo.edu.pl\\\/liceum\\\/strefa-ucznia\\\/tutoring\\\/#breadcrumb\",\"itemListElement\":[{\"@type\":\"ListItem\",\"position\":1,\"name\":\"Strona g\u0142\u00f3wna\",\"item\":\"https:\\\/\\\/www.pspo.edu.pl\\\/liceum\\\/\"},{\"@type\":\"ListItem\",\"position\":2,\"name\":\"Strefa ucznia\",\"item\":\"https:\\\/\\\/www.pspo.edu.pl\\\/liceum\\\/strefa-ucznia\\\/\"},{\"@type\":\"ListItem\",\"position\":3,\"name\":\"Tutoring\"}]},{\"@type\":\"WebSite\",\"@id\":\"https:\\\/\\\/www.pspo.edu.pl\\\/liceum\\\/#website\",\"url\":\"https:\\\/\\\/www.pspo.edu.pl\\\/liceum\\\/\",\"name\":\"Liceum Og\u00f3lnokszta\u0142c\u0105ce Niepubliczne nr 43\",\"description\":\"Liceum Og\u00f3lnokszta\u0142c\u0105ce Niepubliczne nr 43\",\"publisher\":{\"@id\":\"https:\\\/\\\/www.pspo.edu.pl\\\/liceum\\\/#organization\"},\"alternateName\":\"LON\",\"potentialAction\":[{\"@type\":\"SearchAction\",\"target\":{\"@type\":\"EntryPoint\",\"urlTemplate\":\"https:\\\/\\\/www.pspo.edu.pl\\\/liceum\\\/?s={search_term_string}\"},\"query-input\":{\"@type\":\"PropertyValueSpecification\",\"valueRequired\":true,\"valueName\":\"search_term_string\"}}],\"inLanguage\":\"pl-PL\"},{\"@type\":\"Organization\",\"@id\":\"https:\\\/\\\/www.pspo.edu.pl\\\/liceum\\\/#organization\",\"name\":\"Liceum Og\u00f3lnokszta\u0142c\u0105ce Niepubliczne nr 43\",\"alternateName\":\"LON\",\"url\":\"https:\\\/\\\/www.pspo.edu.pl\\\/liceum\\\/\",\"logo\":{\"@type\":\"ImageObject\",\"inLanguage\":\"pl-PL\",\"@id\":\"https:\\\/\\\/www.pspo.edu.pl\\\/liceum\\\/#\\\/schema\\\/logo\\\/image\\\/\",\"url\":\"https:\\\/\\\/www.pspo.edu.pl\\\/liceum\\\/wp-content\\\/uploads\\\/sites\\\/5\\\/2022\\\/07\\\/cropped-logo.png\",\"contentUrl\":\"https:\\\/\\\/www.pspo.edu.pl\\\/liceum\\\/wp-content\\\/uploads\\\/sites\\\/5\\\/2022\\\/07\\\/cropped-logo.png\",\"width\":512,\"height\":512,\"caption\":\"Liceum Og\u00f3lnokszta\u0142c\u0105ce Niepubliczne nr 43\"},\"image\":{\"@id\":\"https:\\\/\\\/www.pspo.edu.pl\\\/liceum\\\/#\\\/schema\\\/logo\\\/image\\\/\"}}]}<\/script>\n<!-- \/ Yoast SEO plugin. -->","yoast_head_json":{"title":"Tutoring - LON","robots":{"index":"index","follow":"follow","max-snippet":"max-snippet:-1","max-image-preview":"max-image-preview:large","max-video-preview":"max-video-preview:-1"},"canonical":"https:\/\/www.pspo.edu.pl\/liceum\/strefa-ucznia\/tutoring\/","og_locale":"pl_PL","og_type":"article","og_title":"Tutoring - LON","og_description":"\u201eNa szcz\u0119\u015bcie mamy tutoring\u2026\u201d \u017bycie licealisty nie jest \u0142atwe \u2013 wyzwania dnia codziennego, widmo zbli\u017caj\u0105cej si\u0119 matury, zagubienie w g\u0105szczu ludzkich relacji\u2026 Ale w naszej szkole mamy co\u015b, dzi\u0119ki czemu ka\u017cd\u0105 przeszkod\u0119 potrafimy przekszta\u0142ci\u0107 w pozytywne wyzwanie; to tutoring! Na czym polega? Tutoring to metoda w edukacji, kt\u00f3ra na pierwszym miejscu stawia zindywidualizowany kontakt mi\u0119dzy &hellip;","og_url":"https:\/\/www.pspo.edu.pl\/liceum\/strefa-ucznia\/tutoring\/","og_site_name":"LON","article_modified_time":"2022-11-13T13:37:14+00:00","twitter_card":"summary_large_image","schema":{"@context":"https:\/\/schema.org","@graph":[{"@type":"WebPage","@id":"https:\/\/www.pspo.edu.pl\/liceum\/strefa-ucznia\/tutoring\/","url":"https:\/\/www.pspo.edu.pl\/liceum\/strefa-ucznia\/tutoring\/","name":"Tutoring - LON","isPartOf":{"@id":"https:\/\/www.pspo.edu.pl\/liceum\/#website"},"datePublished":"2022-10-13T11:45:42+00:00","dateModified":"2022-11-13T13:37:14+00:00","breadcrumb":{"@id":"https:\/\/www.pspo.edu.pl\/liceum\/strefa-ucznia\/tutoring\/#breadcrumb"},"inLanguage":"pl-PL","potentialAction":[{"@type":"ReadAction","target":["https:\/\/www.pspo.edu.pl\/liceum\/strefa-ucznia\/tutoring\/"]}]},{"@type":"BreadcrumbList","@id":"https:\/\/www.pspo.edu.pl\/liceum\/strefa-ucznia\/tutoring\/#breadcrumb","itemListElement":[{"@type":"ListItem","position":1,"name":"Strona g\u0142\u00f3wna","item":"https:\/\/www.pspo.edu.pl\/liceum\/"},{"@type":"ListItem","position":2,"name":"Strefa ucznia","item":"https:\/\/www.pspo.edu.pl\/liceum\/strefa-ucznia\/"},{"@type":"ListItem","position":3,"name":"Tutoring"}]},{"@type":"WebSite","@id":"https:\/\/www.pspo.edu.pl\/liceum\/#website","url":"https:\/\/www.pspo.edu.pl\/liceum\/","name":"Liceum Og\u00f3lnokszta\u0142c\u0105ce Niepubliczne nr 43","description":"Liceum Og\u00f3lnokszta\u0142c\u0105ce Niepubliczne nr 43","publisher":{"@id":"https:\/\/www.pspo.edu.pl\/liceum\/#organization"},"alternateName":"LON","potentialAction":[{"@type":"SearchAction","target":{"@type":"EntryPoint","urlTemplate":"https:\/\/www.pspo.edu.pl\/liceum\/?s={search_term_string}"},"query-input":{"@type":"PropertyValueSpecification","valueRequired":true,"valueName":"search_term_string"}}],"inLanguage":"pl-PL"},{"@type":"Organization","@id":"https:\/\/www.pspo.edu.pl\/liceum\/#organization","name":"Liceum Og\u00f3lnokszta\u0142c\u0105ce Niepubliczne nr 43","alternateName":"LON","url":"https:\/\/www.pspo.edu.pl\/liceum\/","logo":{"@type":"ImageObject","inLanguage":"pl-PL","@id":"https:\/\/www.pspo.edu.pl\/liceum\/#\/schema\/logo\/image\/","url":"https:\/\/www.pspo.edu.pl\/liceum\/wp-content\/uploads\/sites\/5\/2022\/07\/cropped-logo.png","contentUrl":"https:\/\/www.pspo.edu.pl\/liceum\/wp-content\/uploads\/sites\/5\/2022\/07\/cropped-logo.png","width":512,"height":512,"caption":"Liceum Og\u00f3lnokszta\u0142c\u0105ce Niepubliczne nr 43"},"image":{"@id":"https:\/\/www.pspo.edu.pl\/liceum\/#\/schema\/logo\/image\/"}}]}},"_links":{"self":[{"href":"https:\/\/www.pspo.edu.pl\/liceum\/wp-json\/wp\/v2\/pages\/365","targetHints":{"allow":["GET"]}}],"collection":[{"href":"https:\/\/www.pspo.edu.pl\/liceum\/wp-json\/wp\/v2\/pages"}],"about":[{"href":"https:\/\/www.pspo.edu.pl\/liceum\/wp-json\/wp\/v2\/types\/page"}],"author":[{"embeddable":true,"href":"https:\/\/www.pspo.edu.pl\/liceum\/wp-json\/wp\/v2\/users\/1"}],"replies":[{"embeddable":true,"href":"https:\/\/www.pspo.edu.pl\/liceum\/wp-json\/wp\/v2\/comments?post=365"}],"version-history":[{"count":2,"href":"https:\/\/www.pspo.edu.pl\/liceum\/wp-json\/wp\/v2\/pages\/365\/revisions"}],"predecessor-version":[{"id":466,"href":"https:\/\/www.pspo.edu.pl\/liceum\/wp-json\/wp\/v2\/pages\/365\/revisions\/466"}],"up":[{"embeddable":true,"href":"https:\/\/www.pspo.edu.pl\/liceum\/wp-json\/wp\/v2\/pages\/359"}],"wp:attachment":[{"href":"https:\/\/www.pspo.edu.pl\/liceum\/wp-json\/wp\/v2\/media?parent=365"}],"curies":[{"name":"wp","href":"https:\/\/api.w.org\/{rel}","templated":true}]}}