{"id":390,"date":"2022-10-13T13:49:31","date_gmt":"2022-10-13T11:49:31","guid":{"rendered":"https:\/\/webfach.vxm.pl\/liceum\/?page_id=390"},"modified":"2024-12-10T04:16:20","modified_gmt":"2024-12-10T03:16:20","slug":"wolontariat","status":"publish","type":"page","link":"https:\/\/www.pspo.edu.pl\/liceum\/strefa-ucznia\/wolontariat\/","title":{"rendered":"Wolontariat"},"content":{"rendered":"<p><em><strong>\u201eNiech si\u0119 stanie twoim zwyczajem oddawanie przys\u0142ug ludziom, kt\u00f3rzy sie o tym nie dowiedz\u0105\u201d<\/strong><\/em>&#8211; motto wolontariuszy w naszej szkole.<\/p>\n<p>Ka\u017cdy z nas ma co\u015b cennego i to niekoniecznie w sensie materialnym, to mo\u017ce by\u0107 czas po\u015bwi\u0119cony dla drugiej osoby, dobre s\u0142owo, pomoc w wykonywaniu codziennych czynno\u015bci,&nbsp;pomoc w lekcjach, opieka albo wsp\u00f3lna zabawa. Dobro przybiera r\u00f3\u017cne formy, kwestia jest tylko taka czy chcemy i czy potrafimy si\u0119 nim podzieli\u0107. Uczniowie naszego gimnazjum i liceum \u2013 chc\u0105! Szkolny Klub Wolontariusza cieszy si\u0119 du\u017cym zainteresowaniem m\u0142odzie\u017cy. To co najwa\u017cniejsze to nie tylko r\u00f3\u017cnorodno\u015b\u0107 dzia\u0142a\u0144 i form pomocy, ale to \u017ce ka\u017cdy ma szans\u0119 znalezienia akcji na miar\u0119 w\u0142asnych si\u0142 i mo\u017cliwo\u015bci czasowych.<\/p>\n<p>Wolontariusze poznaj\u0105 r\u00f3\u017cne sposoby niesienia pomocy, a poprzez udzia\u0142 w r\u00f3\u017cnych akcjach na rzecz potrzebuj\u0105cych, wolontariusze ucz\u0105 si\u0119 odpowiedzialno\u015bci i uczestnictwa w \u017cyciu spo\u0142ecznym.<\/p>\n<p>Wsp\u00f3\u0142pracujemy z wieloma organizacjami zewn\u0119trznymi:<\/p>\n<ul>\n<li><a class=\" \" href=\"https:\/\/towarzystwonaszdom.pl\/\">Stowarzyszeniem Nasz Dom<\/a><\/li>\n<li>Schroniskiem dla Bezdomnych Zwierz\u0105t w \u0141omiankach<\/li>\n<li><a class=\" \" href=\"http:\/\/www.wosp.org.pl\/\">Fundacj\u0105 WO\u015aP<\/a><\/li>\n<li>Rodzinnym Domem Dziecka im.J.Korczaka<\/li>\n<li>Szpitalem w Dziekanowie Le\u015bnym<\/li>\n<li>Polsk\u0105 Akcj\u0105 Humanitarn\u0105<\/li>\n<li><a class=\" \" href=\"https:\/\/pspo.edu.pl\/szkola-podstawowa\/\">Spo\u0142eczn\u0105 Szko\u0142\u0105 Podstawow\u0105 nr 13<\/a><\/li>\n<li>Katolick\u0105 Szko\u0142\u0105 Podstawow\u0105 nr 109 im. \u015awi\u0119tej Rodziny Fundacji na Rzecz Rodziny \u2013 zbi\u00f3rka zakr\u0119tek<\/li>\n<li>Uniwersytetem Kardyna\u0142a Stefana Wyszy\u0144skiego<\/li>\n<\/ul>\n<p><a class=\" \" href=\"https:\/\/drive.google.com\/file\/d\/0B7R0iC1tY4Gwb21BdURQYXJmVTg\/view?usp=sharing\">Regulamin przyznawania punkt\u00f3w za wolontariat<\/a><\/p>\n<!-- AddThis Advanced Settings generic via filter on the_content --><!-- AddThis Share Buttons generic via filter on the_content -->","protected":false},"excerpt":{"rendered":"<p>\u201eNiech si\u0119 stanie twoim zwyczajem oddawanie przys\u0142ug ludziom, kt\u00f3rzy sie o tym nie dowiedz\u0105\u201d&#8211; motto wolontariuszy w naszej szkole. Ka\u017cdy z nas ma co\u015b cennego i to niekoniecznie w sensie materialnym, to mo\u017ce by\u0107 czas po\u015bwi\u0119cony dla drugiej osoby, dobre s\u0142owo, pomoc w wykonywaniu codziennych czynno\u015bci,&nbsp;pomoc w lekcjach, opieka albo wsp\u00f3lna zabawa. Dobro przybiera r\u00f3\u017cne &hellip;<!-- AddThis Advanced Settings generic via filter on get_the_excerpt --><!-- AddThis Share Buttons generic via filter on get_the_excerpt --><\/p>\n","protected":false},"author":1,"featured_media":0,"parent":359,"menu_order":0,"comment_status":"closed","ping_status":"closed","template":"","meta":{"inline_featured_image":false,"ngg_post_thumbnail":0,"footnotes":""},"class_list":["post-390","page","type-page","status-publish","hentry"],"yoast_head":"<!-- This site is optimized with the Yoast SEO plugin v27.4 - https:\/\/yoast.com\/product\/yoast-seo-wordpress\/ -->\n<title>Wolontariat - LON<\/title>\n<meta name=\"robots\" content=\"index, follow, max-snippet:-1, max-image-preview:large, max-video-preview:-1\" \/>\n<link rel=\"canonical\" href=\"https:\/\/www.pspo.edu.pl\/liceum\/strefa-ucznia\/wolontariat\/\" \/>\n<meta property=\"og:locale\" content=\"pl_PL\" \/>\n<meta property=\"og:type\" content=\"article\" \/>\n<meta property=\"og:title\" content=\"Wolontariat - LON\" \/>\n<meta property=\"og:description\" content=\"\u201eNiech si\u0119 stanie twoim zwyczajem oddawanie przys\u0142ug ludziom, kt\u00f3rzy sie o tym nie dowiedz\u0105\u201d&#8211; motto wolontariuszy w naszej szkole. Ka\u017cdy z nas ma co\u015b cennego i to niekoniecznie w sensie materialnym, to mo\u017ce by\u0107 czas po\u015bwi\u0119cony dla drugiej osoby, dobre s\u0142owo, pomoc w wykonywaniu codziennych czynno\u015bci,&nbsp;pomoc w lekcjach, opieka albo wsp\u00f3lna zabawa. Dobro przybiera r\u00f3\u017cne &hellip;\" \/>\n<meta property=\"og:url\" content=\"https:\/\/www.pspo.edu.pl\/liceum\/strefa-ucznia\/wolontariat\/\" \/>\n<meta property=\"og:site_name\" content=\"LON\" \/>\n<meta property=\"article:modified_time\" content=\"2024-12-10T03:16:20+00:00\" \/>\n<meta name=\"twitter:card\" content=\"summary_large_image\" \/>\n<meta name=\"twitter:label1\" content=\"Szacowany czas czytania\" \/>\n\t<meta name=\"twitter:data1\" content=\"2 minuty\" \/>\n<script type=\"application\/ld+json\" class=\"yoast-schema-graph\">{\"@context\":\"https:\\\/\\\/schema.org\",\"@graph\":[{\"@type\":\"WebPage\",\"@id\":\"https:\\\/\\\/www.pspo.edu.pl\\\/liceum\\\/strefa-ucznia\\\/wolontariat\\\/\",\"url\":\"https:\\\/\\\/www.pspo.edu.pl\\\/liceum\\\/strefa-ucznia\\\/wolontariat\\\/\",\"name\":\"Wolontariat - LON\",\"isPartOf\":{\"@id\":\"https:\\\/\\\/www.pspo.edu.pl\\\/liceum\\\/#website\"},\"datePublished\":\"2022-10-13T11:49:31+00:00\",\"dateModified\":\"2024-12-10T03:16:20+00:00\",\"breadcrumb\":{\"@id\":\"https:\\\/\\\/www.pspo.edu.pl\\\/liceum\\\/strefa-ucznia\\\/wolontariat\\\/#breadcrumb\"},\"inLanguage\":\"pl-PL\",\"potentialAction\":[{\"@type\":\"ReadAction\",\"target\":[\"https:\\\/\\\/www.pspo.edu.pl\\\/liceum\\\/strefa-ucznia\\\/wolontariat\\\/\"]}]},{\"@type\":\"BreadcrumbList\",\"@id\":\"https:\\\/\\\/www.pspo.edu.pl\\\/liceum\\\/strefa-ucznia\\\/wolontariat\\\/#breadcrumb\",\"itemListElement\":[{\"@type\":\"ListItem\",\"position\":1,\"name\":\"Strona g\u0142\u00f3wna\",\"item\":\"https:\\\/\\\/www.pspo.edu.pl\\\/liceum\\\/\"},{\"@type\":\"ListItem\",\"position\":2,\"name\":\"Strefa ucznia\",\"item\":\"https:\\\/\\\/www.pspo.edu.pl\\\/liceum\\\/strefa-ucznia\\\/\"},{\"@type\":\"ListItem\",\"position\":3,\"name\":\"Wolontariat\"}]},{\"@type\":\"WebSite\",\"@id\":\"https:\\\/\\\/www.pspo.edu.pl\\\/liceum\\\/#website\",\"url\":\"https:\\\/\\\/www.pspo.edu.pl\\\/liceum\\\/\",\"name\":\"Liceum Og\u00f3lnokszta\u0142c\u0105ce Niepubliczne nr 43\",\"description\":\"Liceum Og\u00f3lnokszta\u0142c\u0105ce Niepubliczne nr 43\",\"publisher\":{\"@id\":\"https:\\\/\\\/www.pspo.edu.pl\\\/liceum\\\/#organization\"},\"alternateName\":\"LON\",\"potentialAction\":[{\"@type\":\"SearchAction\",\"target\":{\"@type\":\"EntryPoint\",\"urlTemplate\":\"https:\\\/\\\/www.pspo.edu.pl\\\/liceum\\\/?s={search_term_string}\"},\"query-input\":{\"@type\":\"PropertyValueSpecification\",\"valueRequired\":true,\"valueName\":\"search_term_string\"}}],\"inLanguage\":\"pl-PL\"},{\"@type\":\"Organization\",\"@id\":\"https:\\\/\\\/www.pspo.edu.pl\\\/liceum\\\/#organization\",\"name\":\"Liceum Og\u00f3lnokszta\u0142c\u0105ce Niepubliczne nr 43\",\"alternateName\":\"LON\",\"url\":\"https:\\\/\\\/www.pspo.edu.pl\\\/liceum\\\/\",\"logo\":{\"@type\":\"ImageObject\",\"inLanguage\":\"pl-PL\",\"@id\":\"https:\\\/\\\/www.pspo.edu.pl\\\/liceum\\\/#\\\/schema\\\/logo\\\/image\\\/\",\"url\":\"https:\\\/\\\/www.pspo.edu.pl\\\/liceum\\\/wp-content\\\/uploads\\\/sites\\\/5\\\/2022\\\/07\\\/cropped-logo.png\",\"contentUrl\":\"https:\\\/\\\/www.pspo.edu.pl\\\/liceum\\\/wp-content\\\/uploads\\\/sites\\\/5\\\/2022\\\/07\\\/cropped-logo.png\",\"width\":512,\"height\":512,\"caption\":\"Liceum Og\u00f3lnokszta\u0142c\u0105ce Niepubliczne nr 43\"},\"image\":{\"@id\":\"https:\\\/\\\/www.pspo.edu.pl\\\/liceum\\\/#\\\/schema\\\/logo\\\/image\\\/\"}}]}<\/script>\n<!-- \/ Yoast SEO plugin. -->","yoast_head_json":{"title":"Wolontariat - LON","robots":{"index":"index","follow":"follow","max-snippet":"max-snippet:-1","max-image-preview":"max-image-preview:large","max-video-preview":"max-video-preview:-1"},"canonical":"https:\/\/www.pspo.edu.pl\/liceum\/strefa-ucznia\/wolontariat\/","og_locale":"pl_PL","og_type":"article","og_title":"Wolontariat - LON","og_description":"\u201eNiech si\u0119 stanie twoim zwyczajem oddawanie przys\u0142ug ludziom, kt\u00f3rzy sie o tym nie dowiedz\u0105\u201d&#8211; motto wolontariuszy w naszej szkole. Ka\u017cdy z nas ma co\u015b cennego i to niekoniecznie w sensie materialnym, to mo\u017ce by\u0107 czas po\u015bwi\u0119cony dla drugiej osoby, dobre s\u0142owo, pomoc w wykonywaniu codziennych czynno\u015bci,&nbsp;pomoc w lekcjach, opieka albo wsp\u00f3lna zabawa. Dobro przybiera r\u00f3\u017cne &hellip;","og_url":"https:\/\/www.pspo.edu.pl\/liceum\/strefa-ucznia\/wolontariat\/","og_site_name":"LON","article_modified_time":"2024-12-10T03:16:20+00:00","twitter_card":"summary_large_image","twitter_misc":{"Szacowany czas czytania":"2 minuty"},"schema":{"@context":"https:\/\/schema.org","@graph":[{"@type":"WebPage","@id":"https:\/\/www.pspo.edu.pl\/liceum\/strefa-ucznia\/wolontariat\/","url":"https:\/\/www.pspo.edu.pl\/liceum\/strefa-ucznia\/wolontariat\/","name":"Wolontariat - LON","isPartOf":{"@id":"https:\/\/www.pspo.edu.pl\/liceum\/#website"},"datePublished":"2022-10-13T11:49:31+00:00","dateModified":"2024-12-10T03:16:20+00:00","breadcrumb":{"@id":"https:\/\/www.pspo.edu.pl\/liceum\/strefa-ucznia\/wolontariat\/#breadcrumb"},"inLanguage":"pl-PL","potentialAction":[{"@type":"ReadAction","target":["https:\/\/www.pspo.edu.pl\/liceum\/strefa-ucznia\/wolontariat\/"]}]},{"@type":"BreadcrumbList","@id":"https:\/\/www.pspo.edu.pl\/liceum\/strefa-ucznia\/wolontariat\/#breadcrumb","itemListElement":[{"@type":"ListItem","position":1,"name":"Strona g\u0142\u00f3wna","item":"https:\/\/www.pspo.edu.pl\/liceum\/"},{"@type":"ListItem","position":2,"name":"Strefa ucznia","item":"https:\/\/www.pspo.edu.pl\/liceum\/strefa-ucznia\/"},{"@type":"ListItem","position":3,"name":"Wolontariat"}]},{"@type":"WebSite","@id":"https:\/\/www.pspo.edu.pl\/liceum\/#website","url":"https:\/\/www.pspo.edu.pl\/liceum\/","name":"Liceum Og\u00f3lnokszta\u0142c\u0105ce Niepubliczne nr 43","description":"Liceum Og\u00f3lnokszta\u0142c\u0105ce Niepubliczne nr 43","publisher":{"@id":"https:\/\/www.pspo.edu.pl\/liceum\/#organization"},"alternateName":"LON","potentialAction":[{"@type":"SearchAction","target":{"@type":"EntryPoint","urlTemplate":"https:\/\/www.pspo.edu.pl\/liceum\/?s={search_term_string}"},"query-input":{"@type":"PropertyValueSpecification","valueRequired":true,"valueName":"search_term_string"}}],"inLanguage":"pl-PL"},{"@type":"Organization","@id":"https:\/\/www.pspo.edu.pl\/liceum\/#organization","name":"Liceum Og\u00f3lnokszta\u0142c\u0105ce Niepubliczne nr 43","alternateName":"LON","url":"https:\/\/www.pspo.edu.pl\/liceum\/","logo":{"@type":"ImageObject","inLanguage":"pl-PL","@id":"https:\/\/www.pspo.edu.pl\/liceum\/#\/schema\/logo\/image\/","url":"https:\/\/www.pspo.edu.pl\/liceum\/wp-content\/uploads\/sites\/5\/2022\/07\/cropped-logo.png","contentUrl":"https:\/\/www.pspo.edu.pl\/liceum\/wp-content\/uploads\/sites\/5\/2022\/07\/cropped-logo.png","width":512,"height":512,"caption":"Liceum Og\u00f3lnokszta\u0142c\u0105ce Niepubliczne nr 43"},"image":{"@id":"https:\/\/www.pspo.edu.pl\/liceum\/#\/schema\/logo\/image\/"}}]}},"_links":{"self":[{"href":"https:\/\/www.pspo.edu.pl\/liceum\/wp-json\/wp\/v2\/pages\/390","targetHints":{"allow":["GET"]}}],"collection":[{"href":"https:\/\/www.pspo.edu.pl\/liceum\/wp-json\/wp\/v2\/pages"}],"about":[{"href":"https:\/\/www.pspo.edu.pl\/liceum\/wp-json\/wp\/v2\/types\/page"}],"author":[{"embeddable":true,"href":"https:\/\/www.pspo.edu.pl\/liceum\/wp-json\/wp\/v2\/users\/1"}],"replies":[{"embeddable":true,"href":"https:\/\/www.pspo.edu.pl\/liceum\/wp-json\/wp\/v2\/comments?post=390"}],"version-history":[{"count":4,"href":"https:\/\/www.pspo.edu.pl\/liceum\/wp-json\/wp\/v2\/pages\/390\/revisions"}],"predecessor-version":[{"id":1990,"href":"https:\/\/www.pspo.edu.pl\/liceum\/wp-json\/wp\/v2\/pages\/390\/revisions\/1990"}],"up":[{"embeddable":true,"href":"https:\/\/www.pspo.edu.pl\/liceum\/wp-json\/wp\/v2\/pages\/359"}],"wp:attachment":[{"href":"https:\/\/www.pspo.edu.pl\/liceum\/wp-json\/wp\/v2\/media?parent=390"}],"curies":[{"name":"wp","href":"https:\/\/api.w.org\/{rel}","templated":true}]}}