{"id":500,"date":"2022-10-13T22:35:08","date_gmt":"2022-10-13T20:35:08","guid":{"rendered":"https:\/\/webfach.vxm.pl\/podstawowka\/?page_id=500"},"modified":"2023-04-19T09:46:06","modified_gmt":"2023-04-19T07:46:06","slug":"kola","status":"publish","type":"page","link":"https:\/\/www.pspo.edu.pl\/podstawowka\/strefa-ucznia\/kola\/","title":{"rendered":"Ko\u0142a zainteresowa\u0144"},"content":{"rendered":"<h3>Zaj\u0119cia dodatkowe<\/h3>\n<p>S\u0105 to zaj\u0119cia o r\u00f3\u017cnym charakterze i nale\u017c\u0105 do nich: ko\u0142a zainteresowa\u0144, zaj\u0119cia<br \/>\nwyr\u00f3wnawcze, zaj\u0119cia korekcyjno \u2013 kompensacyjne (reedukacja) oraz zaj\u0119cia prowadzone<br \/>\nprzez instruktor\u00f3w zewn\u0119trznych.<\/p>\n<h3>Zaj\u0119cia wyr\u00f3wnawcze<\/h3>\n<p>S\u0105 to zaj\u0119cia, kt\u00f3rych celem jest pomoc uczniom maj\u0105cym k\u0142opoty z opanowaniem tre\u015bci<br \/>\nprogramowych lub nadrobieniem zaleg\u0142o\u015bci wynikaj\u0105cych np. z d\u0142ugiej nieobecno\u015bci.<br \/>\nProwadzone s\u0105 przez wychowawc\u00f3w klas 1 \u2013 3.<\/p>\n<h3>Zaj\u0119cia korekcyjno \u2013 kompensacyjne<\/h3>\n<p>S\u0105 to specjalistyczne zaj\u0119cia przeznaczone dla uczni\u00f3w posiadaj\u0105cych opini\u0119 Poradni<br \/>\nPsychologiczno \u2013 Pedagogicznej ze wskazaniami do pracy terapeutycznej na terenie szko\u0142y.<br \/>\nProwadzone s\u0105 przez pedagoga szkolnego oraz nauczycielki posiadaj\u0105ce stosowne<br \/>\nkwalifikacje.<\/p>\n<h3>Ko\u0142a zainteresowa\u0144<\/h3>\n<p>\u015awiat sk\u0142ada si\u0119 z indywidualno\u015bci. Dzi\u0119ki tej mnogo\u015bci uzdolnie\u0144 i zami\u0142owa\u0144 \u017cycie jest<br \/>\nciekawsze, a obcowanie z lud\u017ami bardziej interesuj\u0105ce. W ka\u017cdym z nas tkwi\u0105 czasem ukryte<br \/>\ntalenty i zdolno\u015bci. Warto spr\u00f3bowa\u0107 je wydoby\u0107, a sami b\u0119dziemy zaskoczeni, jakie mamy<br \/>\nmo\u017cliwo\u015bci. Teraz pozostaje tylko je piel\u0119gnowa\u0107 i rozwija\u0107. Zapraszamy do udzia\u0142u w ko\u0142ach<br \/>\nzainteresowa\u0144, gdzie z pewno\u015bci\u0105 ka\u017cdy ucze\u0144 znajdzie w sobie to wa\u017cne &#8222;co\u015b&#8221;.<\/p>\n<p>&nbsp;<\/p>\n<p style=\"text-align: center\"><a href=\"\/podstawowka\/strefa-ucznia\/kola\/artystyczne\/\"><img decoding=\"async\" class=\"aligncenter size-full wp-image-753\" src=\"https:\/\/www.pspo.edu.pl\/podstawowka\/wp-content\/uploads\/sites\/4\/2023\/01\/icons8-theatre-mask-50.png\" alt=\"\" width=\"50\" height=\"50\" \/>Artystyczne<\/a><\/p>\n<p style=\"text-align: center\"><a href=\"\/podstawowka\/strefa-ucznia\/kola\/jezykowe\/\"><img decoding=\"async\" class=\"aligncenter size-full wp-image-747\" src=\"https:\/\/www.pspo.edu.pl\/podstawowka\/wp-content\/uploads\/sites\/4\/2023\/01\/icons8-language-skill-50.png\" alt=\"\" width=\"50\" height=\"50\" \/>J\u0119zykowe<\/a><\/p>\n<p style=\"text-align: center\"><a href=\"\/podstawowka\/strefa-ucznia\/kola\/przedmiotowe\/\"><img decoding=\"async\" class=\"aligncenter size-full wp-image-749\" src=\"https:\/\/www.pspo.edu.pl\/podstawowka\/wp-content\/uploads\/sites\/4\/2023\/01\/icons8-math-book-50.png\" alt=\"\" width=\"50\" height=\"50\" \/>Przedmiotowe<\/a><\/p>\n<p style=\"text-align: center\"><a href=\"\/podstawowka\/strefa-ucznia\/kola\/sportowe\/\"><img decoding=\"async\" class=\"aligncenter size-full wp-image-751\" src=\"https:\/\/www.pspo.edu.pl\/podstawowka\/wp-content\/uploads\/sites\/4\/2023\/01\/icons8-soccer-ball-50.png\" alt=\"\" width=\"50\" height=\"50\" \/>Sportowe<\/a><\/p>\n<!-- AddThis Advanced Settings generic via filter on the_content --><!-- AddThis Share Buttons generic via filter on the_content -->","protected":false},"excerpt":{"rendered":"<p>Zaj\u0119cia dodatkowe S\u0105 to zaj\u0119cia o r\u00f3\u017cnym charakterze i nale\u017c\u0105 do nich: ko\u0142a zainteresowa\u0144, zaj\u0119cia wyr\u00f3wnawcze, zaj\u0119cia korekcyjno \u2013 kompensacyjne (reedukacja) oraz zaj\u0119cia prowadzone przez instruktor\u00f3w zewn\u0119trznych. Zaj\u0119cia wyr\u00f3wnawcze S\u0105 to zaj\u0119cia, kt\u00f3rych celem jest pomoc uczniom maj\u0105cym k\u0142opoty z opanowaniem tre\u015bci programowych lub nadrobieniem zaleg\u0142o\u015bci wynikaj\u0105cych np. z d\u0142ugiej nieobecno\u015bci. Prowadzone s\u0105 przez wychowawc\u00f3w &hellip;<!-- AddThis Advanced Settings generic via filter on get_the_excerpt --><!-- AddThis Share Buttons generic via filter on get_the_excerpt --><\/p>\n","protected":false},"author":1,"featured_media":0,"parent":475,"menu_order":0,"comment_status":"closed","ping_status":"closed","template":"","meta":{"inline_featured_image":false,"ngg_post_thumbnail":0,"footnotes":""},"class_list":["post-500","page","type-page","status-publish","hentry"],"yoast_head":"<!-- This site is optimized with the Yoast SEO plugin v27.4 - https:\/\/yoast.com\/product\/yoast-seo-wordpress\/ -->\n<title>Ko\u0142a zainteresowa\u0144 - SSP<\/title>\n<meta name=\"robots\" content=\"index, follow, max-snippet:-1, max-image-preview:large, max-video-preview:-1\" \/>\n<link rel=\"canonical\" href=\"https:\/\/www.pspo.edu.pl\/podstawowka\/strefa-ucznia\/kola\/\" \/>\n<meta property=\"og:locale\" content=\"pl_PL\" \/>\n<meta property=\"og:type\" content=\"article\" \/>\n<meta property=\"og:title\" content=\"Ko\u0142a zainteresowa\u0144 - SSP\" \/>\n<meta property=\"og:description\" content=\"Zaj\u0119cia dodatkowe S\u0105 to zaj\u0119cia o r\u00f3\u017cnym charakterze i nale\u017c\u0105 do nich: ko\u0142a zainteresowa\u0144, zaj\u0119cia wyr\u00f3wnawcze, zaj\u0119cia korekcyjno \u2013 kompensacyjne (reedukacja) oraz zaj\u0119cia prowadzone przez instruktor\u00f3w zewn\u0119trznych. Zaj\u0119cia wyr\u00f3wnawcze S\u0105 to zaj\u0119cia, kt\u00f3rych celem jest pomoc uczniom maj\u0105cym k\u0142opoty z opanowaniem tre\u015bci programowych lub nadrobieniem zaleg\u0142o\u015bci wynikaj\u0105cych np. z d\u0142ugiej nieobecno\u015bci. Prowadzone s\u0105 przez wychowawc\u00f3w &hellip;\" \/>\n<meta property=\"og:url\" content=\"https:\/\/www.pspo.edu.pl\/podstawowka\/strefa-ucznia\/kola\/\" \/>\n<meta property=\"og:site_name\" content=\"SSP\" \/>\n<meta property=\"article:modified_time\" content=\"2023-04-19T07:46:06+00:00\" \/>\n<meta property=\"og:image\" content=\"https:\/\/www.pspo.edu.pl\/podstawowka\/wp-content\/uploads\/sites\/4\/2023\/01\/icons8-theatre-mask-50.png\" \/>\n<meta name=\"twitter:card\" content=\"summary_large_image\" \/>\n<meta name=\"twitter:label1\" content=\"Szacowany czas czytania\" \/>\n\t<meta name=\"twitter:data1\" content=\"2 minuty\" \/>\n<script type=\"application\/ld+json\" class=\"yoast-schema-graph\">{\"@context\":\"https:\\\/\\\/schema.org\",\"@graph\":[{\"@type\":\"WebPage\",\"@id\":\"https:\\\/\\\/www.pspo.edu.pl\\\/podstawowka\\\/strefa-ucznia\\\/kola\\\/\",\"url\":\"https:\\\/\\\/www.pspo.edu.pl\\\/podstawowka\\\/strefa-ucznia\\\/kola\\\/\",\"name\":\"Ko\u0142a zainteresowa\u0144 - SSP\",\"isPartOf\":{\"@id\":\"https:\\\/\\\/www.pspo.edu.pl\\\/podstawowka\\\/#website\"},\"primaryImageOfPage\":{\"@id\":\"https:\\\/\\\/www.pspo.edu.pl\\\/podstawowka\\\/strefa-ucznia\\\/kola\\\/#primaryimage\"},\"image\":{\"@id\":\"https:\\\/\\\/www.pspo.edu.pl\\\/podstawowka\\\/strefa-ucznia\\\/kola\\\/#primaryimage\"},\"thumbnailUrl\":\"https:\\\/\\\/www.pspo.edu.pl\\\/podstawowka\\\/wp-content\\\/uploads\\\/sites\\\/4\\\/2023\\\/01\\\/icons8-theatre-mask-50.png\",\"datePublished\":\"2022-10-13T20:35:08+00:00\",\"dateModified\":\"2023-04-19T07:46:06+00:00\",\"breadcrumb\":{\"@id\":\"https:\\\/\\\/www.pspo.edu.pl\\\/podstawowka\\\/strefa-ucznia\\\/kola\\\/#breadcrumb\"},\"inLanguage\":\"pl-PL\",\"potentialAction\":[{\"@type\":\"ReadAction\",\"target\":[\"https:\\\/\\\/www.pspo.edu.pl\\\/podstawowka\\\/strefa-ucznia\\\/kola\\\/\"]}]},{\"@type\":\"ImageObject\",\"inLanguage\":\"pl-PL\",\"@id\":\"https:\\\/\\\/www.pspo.edu.pl\\\/podstawowka\\\/strefa-ucznia\\\/kola\\\/#primaryimage\",\"url\":\"https:\\\/\\\/www.pspo.edu.pl\\\/podstawowka\\\/wp-content\\\/uploads\\\/sites\\\/4\\\/2023\\\/01\\\/icons8-theatre-mask-50.png\",\"contentUrl\":\"https:\\\/\\\/www.pspo.edu.pl\\\/podstawowka\\\/wp-content\\\/uploads\\\/sites\\\/4\\\/2023\\\/01\\\/icons8-theatre-mask-50.png\",\"width\":50,\"height\":50},{\"@type\":\"BreadcrumbList\",\"@id\":\"https:\\\/\\\/www.pspo.edu.pl\\\/podstawowka\\\/strefa-ucznia\\\/kola\\\/#breadcrumb\",\"itemListElement\":[{\"@type\":\"ListItem\",\"position\":1,\"name\":\"Strona g\u0142\u00f3wna\",\"item\":\"https:\\\/\\\/www.pspo.edu.pl\\\/podstawowka\\\/\"},{\"@type\":\"ListItem\",\"position\":2,\"name\":\"Strefa ucznia\",\"item\":\"https:\\\/\\\/www.pspo.edu.pl\\\/podstawowka\\\/strefa-ucznia\\\/\"},{\"@type\":\"ListItem\",\"position\":3,\"name\":\"Ko\u0142a zainteresowa\u0144\"}]},{\"@type\":\"WebSite\",\"@id\":\"https:\\\/\\\/www.pspo.edu.pl\\\/podstawowka\\\/#website\",\"url\":\"https:\\\/\\\/www.pspo.edu.pl\\\/podstawowka\\\/\",\"name\":\"SSP\",\"description\":\"Spo\u0142eczna Szko\u0142a Podstawowa nr 13\",\"potentialAction\":[{\"@type\":\"SearchAction\",\"target\":{\"@type\":\"EntryPoint\",\"urlTemplate\":\"https:\\\/\\\/www.pspo.edu.pl\\\/podstawowka\\\/?s={search_term_string}\"},\"query-input\":{\"@type\":\"PropertyValueSpecification\",\"valueRequired\":true,\"valueName\":\"search_term_string\"}}],\"inLanguage\":\"pl-PL\"}]}<\/script>\n<!-- \/ Yoast SEO plugin. -->","yoast_head_json":{"title":"Ko\u0142a zainteresowa\u0144 - SSP","robots":{"index":"index","follow":"follow","max-snippet":"max-snippet:-1","max-image-preview":"max-image-preview:large","max-video-preview":"max-video-preview:-1"},"canonical":"https:\/\/www.pspo.edu.pl\/podstawowka\/strefa-ucznia\/kola\/","og_locale":"pl_PL","og_type":"article","og_title":"Ko\u0142a zainteresowa\u0144 - SSP","og_description":"Zaj\u0119cia dodatkowe S\u0105 to zaj\u0119cia o r\u00f3\u017cnym charakterze i nale\u017c\u0105 do nich: ko\u0142a zainteresowa\u0144, zaj\u0119cia wyr\u00f3wnawcze, zaj\u0119cia korekcyjno \u2013 kompensacyjne (reedukacja) oraz zaj\u0119cia prowadzone przez instruktor\u00f3w zewn\u0119trznych. Zaj\u0119cia wyr\u00f3wnawcze S\u0105 to zaj\u0119cia, kt\u00f3rych celem jest pomoc uczniom maj\u0105cym k\u0142opoty z opanowaniem tre\u015bci programowych lub nadrobieniem zaleg\u0142o\u015bci wynikaj\u0105cych np. z d\u0142ugiej nieobecno\u015bci. Prowadzone s\u0105 przez wychowawc\u00f3w &hellip;","og_url":"https:\/\/www.pspo.edu.pl\/podstawowka\/strefa-ucznia\/kola\/","og_site_name":"SSP","article_modified_time":"2023-04-19T07:46:06+00:00","og_image":[{"url":"https:\/\/www.pspo.edu.pl\/podstawowka\/wp-content\/uploads\/sites\/4\/2023\/01\/icons8-theatre-mask-50.png","type":"","width":"","height":""}],"twitter_card":"summary_large_image","twitter_misc":{"Szacowany czas czytania":"2 minuty"},"schema":{"@context":"https:\/\/schema.org","@graph":[{"@type":"WebPage","@id":"https:\/\/www.pspo.edu.pl\/podstawowka\/strefa-ucznia\/kola\/","url":"https:\/\/www.pspo.edu.pl\/podstawowka\/strefa-ucznia\/kola\/","name":"Ko\u0142a zainteresowa\u0144 - SSP","isPartOf":{"@id":"https:\/\/www.pspo.edu.pl\/podstawowka\/#website"},"primaryImageOfPage":{"@id":"https:\/\/www.pspo.edu.pl\/podstawowka\/strefa-ucznia\/kola\/#primaryimage"},"image":{"@id":"https:\/\/www.pspo.edu.pl\/podstawowka\/strefa-ucznia\/kola\/#primaryimage"},"thumbnailUrl":"https:\/\/www.pspo.edu.pl\/podstawowka\/wp-content\/uploads\/sites\/4\/2023\/01\/icons8-theatre-mask-50.png","datePublished":"2022-10-13T20:35:08+00:00","dateModified":"2023-04-19T07:46:06+00:00","breadcrumb":{"@id":"https:\/\/www.pspo.edu.pl\/podstawowka\/strefa-ucznia\/kola\/#breadcrumb"},"inLanguage":"pl-PL","potentialAction":[{"@type":"ReadAction","target":["https:\/\/www.pspo.edu.pl\/podstawowka\/strefa-ucznia\/kola\/"]}]},{"@type":"ImageObject","inLanguage":"pl-PL","@id":"https:\/\/www.pspo.edu.pl\/podstawowka\/strefa-ucznia\/kola\/#primaryimage","url":"https:\/\/www.pspo.edu.pl\/podstawowka\/wp-content\/uploads\/sites\/4\/2023\/01\/icons8-theatre-mask-50.png","contentUrl":"https:\/\/www.pspo.edu.pl\/podstawowka\/wp-content\/uploads\/sites\/4\/2023\/01\/icons8-theatre-mask-50.png","width":50,"height":50},{"@type":"BreadcrumbList","@id":"https:\/\/www.pspo.edu.pl\/podstawowka\/strefa-ucznia\/kola\/#breadcrumb","itemListElement":[{"@type":"ListItem","position":1,"name":"Strona g\u0142\u00f3wna","item":"https:\/\/www.pspo.edu.pl\/podstawowka\/"},{"@type":"ListItem","position":2,"name":"Strefa ucznia","item":"https:\/\/www.pspo.edu.pl\/podstawowka\/strefa-ucznia\/"},{"@type":"ListItem","position":3,"name":"Ko\u0142a zainteresowa\u0144"}]},{"@type":"WebSite","@id":"https:\/\/www.pspo.edu.pl\/podstawowka\/#website","url":"https:\/\/www.pspo.edu.pl\/podstawowka\/","name":"SSP","description":"Spo\u0142eczna Szko\u0142a Podstawowa nr 13","potentialAction":[{"@type":"SearchAction","target":{"@type":"EntryPoint","urlTemplate":"https:\/\/www.pspo.edu.pl\/podstawowka\/?s={search_term_string}"},"query-input":{"@type":"PropertyValueSpecification","valueRequired":true,"valueName":"search_term_string"}}],"inLanguage":"pl-PL"}]}},"_links":{"self":[{"href":"https:\/\/www.pspo.edu.pl\/podstawowka\/wp-json\/wp\/v2\/pages\/500","targetHints":{"allow":["GET"]}}],"collection":[{"href":"https:\/\/www.pspo.edu.pl\/podstawowka\/wp-json\/wp\/v2\/pages"}],"about":[{"href":"https:\/\/www.pspo.edu.pl\/podstawowka\/wp-json\/wp\/v2\/types\/page"}],"author":[{"embeddable":true,"href":"https:\/\/www.pspo.edu.pl\/podstawowka\/wp-json\/wp\/v2\/users\/1"}],"replies":[{"embeddable":true,"href":"https:\/\/www.pspo.edu.pl\/podstawowka\/wp-json\/wp\/v2\/comments?post=500"}],"version-history":[{"count":10,"href":"https:\/\/www.pspo.edu.pl\/podstawowka\/wp-json\/wp\/v2\/pages\/500\/revisions"}],"predecessor-version":[{"id":1248,"href":"https:\/\/www.pspo.edu.pl\/podstawowka\/wp-json\/wp\/v2\/pages\/500\/revisions\/1248"}],"up":[{"embeddable":true,"href":"https:\/\/www.pspo.edu.pl\/podstawowka\/wp-json\/wp\/v2\/pages\/475"}],"wp:attachment":[{"href":"https:\/\/www.pspo.edu.pl\/podstawowka\/wp-json\/wp\/v2\/media?parent=500"}],"curies":[{"name":"wp","href":"https:\/\/api.w.org\/{rel}","templated":true}]}}