{"id":1353,"date":"2024-12-17T00:46:16","date_gmt":"2024-12-16T23:46:16","guid":{"rendered":"https:\/\/www.pspo.edu.pl\/pspo\/?page_id=1353"},"modified":"2024-12-17T03:20:16","modified_gmt":"2024-12-17T02:20:16","slug":"sygnalisci","status":"publish","type":"page","link":"https:\/\/www.pspo.edu.pl\/pspo\/sygnalisci\/","title":{"rendered":"Sygnali\u015bci"},"content":{"rendered":"<p>Dokumenty wewn\u0119trzej procedury zg\u0142osze\u0144 PSPO oddz. I<\/p>\n<table style=\"border-collapse: collapse; width: 100%; height: 201px;\">\n<tbody>\n<tr style=\"height: 201px;\">\n<td style=\"width: 25%; height: 201px; text-align: center;\"><a href=\"https:\/\/www.pspo.edu.pl\/pspo\/wp-content\/uploads\/sites\/2\/2024\/12\/WEWNETRZNA-PROCEDURA-ZGLOSZEN-_-PSPO-ODDZ.-I.pdf\" target=\"_blank\" rel=\"noopener\"><img decoding=\"async\" class=\"aligncenter size-thumbnail wp-image-1372\" src=\"https:\/\/www.pspo.edu.pl\/pspo\/wp-content\/uploads\/sites\/2\/2024\/12\/pdf-150x150.png\" alt=\"\" width=\"150\" height=\"150\" srcset=\"https:\/\/www.pspo.edu.pl\/pspo\/wp-content\/uploads\/sites\/2\/2024\/12\/pdf-150x150.png 150w, https:\/\/www.pspo.edu.pl\/pspo\/wp-content\/uploads\/sites\/2\/2024\/12\/pdf-300x300.png 300w, https:\/\/www.pspo.edu.pl\/pspo\/wp-content\/uploads\/sites\/2\/2024\/12\/pdf.png 512w\" sizes=\"(max-width: 150px) 100vw, 150px\" \/>Wewn\u0119trzna procedura zg\u0142osze\u0144 PSPO oddz. I<\/a><\/td>\n<td style=\"width: 25%; height: 201px; text-align: center;\"><a href=\"https:\/\/www.pspo.edu.pl\/pspo\/wp-content\/uploads\/sites\/2\/2024\/12\/ZALACZNIK-NR-1_WEWNETRZA-PROCEDURA.pdf\" target=\"_blank\" rel=\"noopener\"><img decoding=\"async\" class=\"aligncenter size-thumbnail wp-image-1372\" src=\"https:\/\/www.pspo.edu.pl\/pspo\/wp-content\/uploads\/sites\/2\/2024\/12\/pdf-150x150.png\" alt=\"\" width=\"150\" height=\"150\" srcset=\"https:\/\/www.pspo.edu.pl\/pspo\/wp-content\/uploads\/sites\/2\/2024\/12\/pdf-150x150.png 150w, https:\/\/www.pspo.edu.pl\/pspo\/wp-content\/uploads\/sites\/2\/2024\/12\/pdf-300x300.png 300w, https:\/\/www.pspo.edu.pl\/pspo\/wp-content\/uploads\/sites\/2\/2024\/12\/pdf.png 512w\" sizes=\"(max-width: 150px) 100vw, 150px\" \/>Za\u0142\u0105cznik nr 1<\/a><\/td>\n<td style=\"width: 25%; height: 201px; text-align: center;\"><a href=\"https:\/\/www.pspo.edu.pl\/pspo\/wp-content\/uploads\/sites\/2\/2024\/12\/ZALACZNIK-NR-2_WEWNETRZA-PROCEDURA.pdf\" target=\"_blank\" rel=\"noopener\"><img decoding=\"async\" class=\"aligncenter size-thumbnail wp-image-1372\" src=\"https:\/\/www.pspo.edu.pl\/pspo\/wp-content\/uploads\/sites\/2\/2024\/12\/pdf-150x150.png\" alt=\"\" width=\"150\" height=\"150\" srcset=\"https:\/\/www.pspo.edu.pl\/pspo\/wp-content\/uploads\/sites\/2\/2024\/12\/pdf-150x150.png 150w, https:\/\/www.pspo.edu.pl\/pspo\/wp-content\/uploads\/sites\/2\/2024\/12\/pdf-300x300.png 300w, https:\/\/www.pspo.edu.pl\/pspo\/wp-content\/uploads\/sites\/2\/2024\/12\/pdf.png 512w\" sizes=\"(max-width: 150px) 100vw, 150px\" \/>Za\u0142\u0105cznik nr 2<\/a><\/td>\n<td style=\"width: 25%; height: 201px; text-align: center;\"><a href=\"https:\/\/www.pspo.edu.pl\/pspo\/wp-content\/uploads\/sites\/2\/2024\/12\/ZALACZNIK-NR-3-_-WEWNETRZNA-PROCEDURA.pdf\" target=\"_blank\" rel=\"noopener\"><img decoding=\"async\" class=\"aligncenter size-thumbnail wp-image-1372\" src=\"https:\/\/www.pspo.edu.pl\/pspo\/wp-content\/uploads\/sites\/2\/2024\/12\/pdf-150x150.png\" alt=\"\" width=\"150\" height=\"150\" srcset=\"https:\/\/www.pspo.edu.pl\/pspo\/wp-content\/uploads\/sites\/2\/2024\/12\/pdf-150x150.png 150w, https:\/\/www.pspo.edu.pl\/pspo\/wp-content\/uploads\/sites\/2\/2024\/12\/pdf-300x300.png 300w, https:\/\/www.pspo.edu.pl\/pspo\/wp-content\/uploads\/sites\/2\/2024\/12\/pdf.png 512w\" sizes=\"(max-width: 150px) 100vw, 150px\" \/>Za\u0142\u0105cznik nr 3<\/a><\/td>\n<\/tr>\n<\/tbody>\n<\/table>\n<!-- AddThis Advanced Settings generic via filter on the_content --><!-- AddThis Share Buttons generic via filter on the_content -->","protected":false},"excerpt":{"rendered":"<p>Dokumenty wewn\u0119trzej procedury zg\u0142osze\u0144 PSPO oddz. I Wewn\u0119trzna procedura zg\u0142osze\u0144 PSPO oddz. I Za\u0142\u0105cznik nr 1 Za\u0142\u0105cznik nr 2 Za\u0142\u0105cznik nr 3<!-- AddThis Advanced Settings generic via filter on get_the_excerpt --><!-- AddThis Share Buttons generic via filter on get_the_excerpt --><\/p>\n","protected":false},"author":1,"featured_media":0,"parent":0,"menu_order":0,"comment_status":"closed","ping_status":"closed","template":"","meta":{"inline_featured_image":false,"ngg_post_thumbnail":0,"footnotes":""},"class_list":["post-1353","page","type-page","status-publish","hentry"],"yoast_head":"<!-- This site is optimized with the Yoast SEO plugin v27.4 - https:\/\/yoast.com\/product\/yoast-seo-wordpress\/ -->\n<title>Sygnali\u015bci - PSPO<\/title>\n<meta name=\"robots\" content=\"index, follow, max-snippet:-1, max-image-preview:large, max-video-preview:-1\" \/>\n<link rel=\"canonical\" href=\"https:\/\/www.pspo.edu.pl\/pspo\/sygnalisci\/\" \/>\n<meta property=\"og:locale\" content=\"pl_PL\" \/>\n<meta property=\"og:type\" content=\"article\" \/>\n<meta property=\"og:title\" content=\"Sygnali\u015bci - PSPO\" \/>\n<meta property=\"og:description\" content=\"Dokumenty wewn\u0119trzej procedury zg\u0142osze\u0144 PSPO oddz. I Wewn\u0119trzna procedura zg\u0142osze\u0144 PSPO oddz. I Za\u0142\u0105cznik nr 1 Za\u0142\u0105cznik nr 2 Za\u0142\u0105cznik nr 3\" \/>\n<meta property=\"og:url\" content=\"https:\/\/www.pspo.edu.pl\/pspo\/sygnalisci\/\" \/>\n<meta property=\"og:site_name\" content=\"PSPO\" \/>\n<meta property=\"article:modified_time\" content=\"2024-12-17T02:20:16+00:00\" \/>\n<meta property=\"og:image\" content=\"https:\/\/www.pspo.edu.pl\/pspo\/wp-content\/uploads\/sites\/2\/2024\/12\/pdf-150x150.png\" \/>\n<meta name=\"twitter:card\" content=\"summary_large_image\" \/>\n<meta name=\"twitter:label1\" content=\"Szacowany czas czytania\" \/>\n\t<meta name=\"twitter:data1\" content=\"1 minuta\" \/>\n<script type=\"application\/ld+json\" class=\"yoast-schema-graph\">{\"@context\":\"https:\\\/\\\/schema.org\",\"@graph\":[{\"@type\":\"WebPage\",\"@id\":\"https:\\\/\\\/www.pspo.edu.pl\\\/pspo\\\/sygnalisci\\\/\",\"url\":\"https:\\\/\\\/www.pspo.edu.pl\\\/pspo\\\/sygnalisci\\\/\",\"name\":\"Sygnali\u015bci - PSPO\",\"isPartOf\":{\"@id\":\"https:\\\/\\\/www.pspo.edu.pl\\\/pspo\\\/#website\"},\"primaryImageOfPage\":{\"@id\":\"https:\\\/\\\/www.pspo.edu.pl\\\/pspo\\\/sygnalisci\\\/#primaryimage\"},\"image\":{\"@id\":\"https:\\\/\\\/www.pspo.edu.pl\\\/pspo\\\/sygnalisci\\\/#primaryimage\"},\"thumbnailUrl\":\"https:\\\/\\\/www.pspo.edu.pl\\\/pspo\\\/wp-content\\\/uploads\\\/sites\\\/2\\\/2024\\\/12\\\/pdf-150x150.png\",\"datePublished\":\"2024-12-16T23:46:16+00:00\",\"dateModified\":\"2024-12-17T02:20:16+00:00\",\"breadcrumb\":{\"@id\":\"https:\\\/\\\/www.pspo.edu.pl\\\/pspo\\\/sygnalisci\\\/#breadcrumb\"},\"inLanguage\":\"pl-PL\",\"potentialAction\":[{\"@type\":\"ReadAction\",\"target\":[\"https:\\\/\\\/www.pspo.edu.pl\\\/pspo\\\/sygnalisci\\\/\"]}]},{\"@type\":\"ImageObject\",\"inLanguage\":\"pl-PL\",\"@id\":\"https:\\\/\\\/www.pspo.edu.pl\\\/pspo\\\/sygnalisci\\\/#primaryimage\",\"url\":\"https:\\\/\\\/www.pspo.edu.pl\\\/pspo\\\/wp-content\\\/uploads\\\/sites\\\/2\\\/2024\\\/12\\\/pdf.png\",\"contentUrl\":\"https:\\\/\\\/www.pspo.edu.pl\\\/pspo\\\/wp-content\\\/uploads\\\/sites\\\/2\\\/2024\\\/12\\\/pdf.png\",\"width\":512,\"height\":512},{\"@type\":\"BreadcrumbList\",\"@id\":\"https:\\\/\\\/www.pspo.edu.pl\\\/pspo\\\/sygnalisci\\\/#breadcrumb\",\"itemListElement\":[{\"@type\":\"ListItem\",\"position\":1,\"name\":\"Strona g\u0142\u00f3wna\",\"item\":\"https:\\\/\\\/www.pspo.edu.pl\\\/pspo\\\/\"},{\"@type\":\"ListItem\",\"position\":2,\"name\":\"Sygnali\u015bci\"}]},{\"@type\":\"WebSite\",\"@id\":\"https:\\\/\\\/www.pspo.edu.pl\\\/pspo\\\/#website\",\"url\":\"https:\\\/\\\/www.pspo.edu.pl\\\/pspo\\\/\",\"name\":\"PSPO\",\"description\":\"Polskie Stowarzyszenie Promocji O\u015bwiatowych\",\"potentialAction\":[{\"@type\":\"SearchAction\",\"target\":{\"@type\":\"EntryPoint\",\"urlTemplate\":\"https:\\\/\\\/www.pspo.edu.pl\\\/pspo\\\/?s={search_term_string}\"},\"query-input\":{\"@type\":\"PropertyValueSpecification\",\"valueRequired\":true,\"valueName\":\"search_term_string\"}}],\"inLanguage\":\"pl-PL\"}]}<\/script>\n<!-- \/ Yoast SEO plugin. -->","yoast_head_json":{"title":"Sygnali\u015bci - PSPO","robots":{"index":"index","follow":"follow","max-snippet":"max-snippet:-1","max-image-preview":"max-image-preview:large","max-video-preview":"max-video-preview:-1"},"canonical":"https:\/\/www.pspo.edu.pl\/pspo\/sygnalisci\/","og_locale":"pl_PL","og_type":"article","og_title":"Sygnali\u015bci - PSPO","og_description":"Dokumenty wewn\u0119trzej procedury zg\u0142osze\u0144 PSPO oddz. I Wewn\u0119trzna procedura zg\u0142osze\u0144 PSPO oddz. I Za\u0142\u0105cznik nr 1 Za\u0142\u0105cznik nr 2 Za\u0142\u0105cznik nr 3","og_url":"https:\/\/www.pspo.edu.pl\/pspo\/sygnalisci\/","og_site_name":"PSPO","article_modified_time":"2024-12-17T02:20:16+00:00","og_image":[{"url":"https:\/\/www.pspo.edu.pl\/pspo\/wp-content\/uploads\/sites\/2\/2024\/12\/pdf-150x150.png","type":"","width":"","height":""}],"twitter_card":"summary_large_image","twitter_misc":{"Szacowany czas czytania":"1 minuta"},"schema":{"@context":"https:\/\/schema.org","@graph":[{"@type":"WebPage","@id":"https:\/\/www.pspo.edu.pl\/pspo\/sygnalisci\/","url":"https:\/\/www.pspo.edu.pl\/pspo\/sygnalisci\/","name":"Sygnali\u015bci - PSPO","isPartOf":{"@id":"https:\/\/www.pspo.edu.pl\/pspo\/#website"},"primaryImageOfPage":{"@id":"https:\/\/www.pspo.edu.pl\/pspo\/sygnalisci\/#primaryimage"},"image":{"@id":"https:\/\/www.pspo.edu.pl\/pspo\/sygnalisci\/#primaryimage"},"thumbnailUrl":"https:\/\/www.pspo.edu.pl\/pspo\/wp-content\/uploads\/sites\/2\/2024\/12\/pdf-150x150.png","datePublished":"2024-12-16T23:46:16+00:00","dateModified":"2024-12-17T02:20:16+00:00","breadcrumb":{"@id":"https:\/\/www.pspo.edu.pl\/pspo\/sygnalisci\/#breadcrumb"},"inLanguage":"pl-PL","potentialAction":[{"@type":"ReadAction","target":["https:\/\/www.pspo.edu.pl\/pspo\/sygnalisci\/"]}]},{"@type":"ImageObject","inLanguage":"pl-PL","@id":"https:\/\/www.pspo.edu.pl\/pspo\/sygnalisci\/#primaryimage","url":"https:\/\/www.pspo.edu.pl\/pspo\/wp-content\/uploads\/sites\/2\/2024\/12\/pdf.png","contentUrl":"https:\/\/www.pspo.edu.pl\/pspo\/wp-content\/uploads\/sites\/2\/2024\/12\/pdf.png","width":512,"height":512},{"@type":"BreadcrumbList","@id":"https:\/\/www.pspo.edu.pl\/pspo\/sygnalisci\/#breadcrumb","itemListElement":[{"@type":"ListItem","position":1,"name":"Strona g\u0142\u00f3wna","item":"https:\/\/www.pspo.edu.pl\/pspo\/"},{"@type":"ListItem","position":2,"name":"Sygnali\u015bci"}]},{"@type":"WebSite","@id":"https:\/\/www.pspo.edu.pl\/pspo\/#website","url":"https:\/\/www.pspo.edu.pl\/pspo\/","name":"PSPO","description":"Polskie Stowarzyszenie Promocji O\u015bwiatowych","potentialAction":[{"@type":"SearchAction","target":{"@type":"EntryPoint","urlTemplate":"https:\/\/www.pspo.edu.pl\/pspo\/?s={search_term_string}"},"query-input":{"@type":"PropertyValueSpecification","valueRequired":true,"valueName":"search_term_string"}}],"inLanguage":"pl-PL"}]}},"_links":{"self":[{"href":"https:\/\/www.pspo.edu.pl\/pspo\/wp-json\/wp\/v2\/pages\/1353","targetHints":{"allow":["GET"]}}],"collection":[{"href":"https:\/\/www.pspo.edu.pl\/pspo\/wp-json\/wp\/v2\/pages"}],"about":[{"href":"https:\/\/www.pspo.edu.pl\/pspo\/wp-json\/wp\/v2\/types\/page"}],"author":[{"embeddable":true,"href":"https:\/\/www.pspo.edu.pl\/pspo\/wp-json\/wp\/v2\/users\/1"}],"replies":[{"embeddable":true,"href":"https:\/\/www.pspo.edu.pl\/pspo\/wp-json\/wp\/v2\/comments?post=1353"}],"version-history":[{"count":6,"href":"https:\/\/www.pspo.edu.pl\/pspo\/wp-json\/wp\/v2\/pages\/1353\/revisions"}],"predecessor-version":[{"id":1379,"href":"https:\/\/www.pspo.edu.pl\/pspo\/wp-json\/wp\/v2\/pages\/1353\/revisions\/1379"}],"wp:attachment":[{"href":"https:\/\/www.pspo.edu.pl\/pspo\/wp-json\/wp\/v2\/media?parent=1353"}],"curies":[{"name":"wp","href":"https:\/\/api.w.org\/{rel}","templated":true}]}}