{"id":524,"date":"2022-10-13T11:42:41","date_gmt":"2022-10-13T09:42:41","guid":{"rendered":"https:\/\/webfach.vxm.pl\/pspo\/?page_id=524"},"modified":"2024-02-24T14:06:33","modified_gmt":"2024-02-24T13:06:33","slug":"25-lecie","status":"publish","type":"page","link":"https:\/\/www.pspo.edu.pl\/pspo\/o-nas\/historia-pspo\/25-lecie\/","title":{"rendered":"25 lecie"},"content":{"rendered":"<p><img decoding=\"async\" class=\"aligncenter\" src=\"https:\/\/www.pspo.edu.pl\/media\/filer_public_thumbnails\/filer_public\/06\/ee\/06ee118c-c266-4dbd-bd48-ad0a3eea934e\/25pspo.png__897x598_q85_crop_subsampling-2_upscale.jpg\" alt=\"\"><\/p>\n<h2 class=\"entry-title \" style=\"text-align: center;\"><span style=\"font-size: 24pt;\"><strong><span style=\"color: #993366;\">Mamy ju\u017c 25 lat!<\/span><\/strong><\/span><\/h2>\n<h2><span style=\"font-size: 24pt;\">Liceum<\/span><\/h2>\n<p>Rok szkolny 2017\/2018 by\u0142 dla naszego liceum rokiem jubileuszowym. A\u017c trudno uwierzy\u0107, \u017ce to ju\u017c 25 lat istnienia Liceum Og\u00f3lnokszta\u0142c\u0105cego Niepublicznego nr 43 im. Lotnik\u00f3w Ameryka\u0144skich.<\/p>\n<div id=\"wpfp_edceb83e638a17919c4574c081182edf\" data-item=\"{&quot;sources&quot;:[{&quot;src&quot;:&quot;https:\\\/\\\/youtu.be\\\/eGgJku-RZvQ&quot;,&quot;type&quot;:&quot;video\\\/youtube&quot;}],&quot;id&quot;:&quot;1&quot;,&quot;splash&quot;:&quot;https:\\\/\\\/i.ytimg.com\\\/vi\\\/eGgJku-RZvQ\\\/maxresdefault.jpg#auto&quot;}\" class=\"flowplayer no-brand is-splash is-paused skin-slim no-svg fp-slim fp-edgy is-youtube\" data-fv-embed=\"https:\/\/www.pspo.edu.pl\/pspo\/o-nas\/historia-pspo\/25-lecie\/fvp-1\/\" style=\"position:relative; max-width: 640px; max-height: 360px; \" data-ratio=\"0.5625\" data-engine=\"fvyoutube\">\n\t<div class=\"fp-ratio\" style=\"padding-top: 56.25%\"><\/div>\n\t<img decoding=\"async\" class=\"fp-splash\" alt=\"video\" src=\"https:\/\/i.ytimg.com\/vi\/eGgJku-RZvQ\/maxresdefault.jpg#auto\" style=\"position:absolute;top:0;width:100%\" \/>\n\t<div class=\"fp-ui\"><noscript>Please enable JavaScript<\/noscript><div class=\"fp-play fp-visible\"><svg class=\"fp-play-sharp-fill\" xmlns=\"http:\/\/www.w3.org\/2000\/svg\" viewBox=\"0 0 100 100\"><defs><style>.fp-color-play{opacity:0.65;}.controlbutton{fill:#fff;}<\/style><\/defs><title>play-sharp-fill<\/title><path class=\"fp-color-play\" d=\"M49.9217-.078a50,50,0,1,0,50,50A50.0564,50.0564,0,0,0,49.9217-.078Z\"\/><polygon class=\"controlbutton\" points=\"73.601 50 37.968 70.573 37.968 29.427 73.601 50\" filter=\"url(#f1)\"\/><\/svg><\/div><div class=\"fp-preload\"><b><\/b><b><\/b><b><\/b><b><\/b><\/div><\/div>\n<div class='fvp-share-bar'><ul class=\"fvp-sharing\">\r\n    <li><a class=\"sharing-facebook\" href=\"https:\/\/www.facebook.com\/sharer\/sharer.php?u=https%3A%2F%2Fwww.pspo.edu.pl%2Fpspo%2Fo-nas%2Fhistoria-pspo%2F25-lecie%2F\" target=\"_blank\"><\/a><\/li>\r\n    <li><a class=\"sharing-twitter\" href=\"https:\/\/twitter.com\/intent\/tweet?text=PSPO+&url=https%3A%2F%2Fwww.pspo.edu.pl%2Fpspo%2Fo-nas%2Fhistoria-pspo%2F25-lecie%2F\" target=\"_blank\"><\/a><\/li>\r\n    <li><a class=\"sharing-email\" href=\"mailto:?body=Check%20out%20the%20amazing%20video%20here%3A%20https%3A%2F%2Fwww.pspo.edu.pl%2Fpspo%2Fo-nas%2Fhistoria-pspo%2F25-lecie%2F\" target=\"_blank\"><\/a><\/li><\/ul><div><a class=\"sharing-link\" href=\"https:\/\/www.pspo.edu.pl\/pspo\/o-nas\/historia-pspo\/25-lecie\/\" target=\"_blank\">Link<\/a><\/div><div><label><a class=\"embed-code-toggle\" href=\"#\"><strong>Embed<\/strong><\/a><\/label><\/div><div class=\"embed-code\"><label>Copy and paste this HTML code into your webpage to embed.<\/label><textarea><\/textarea><\/div><\/div>\n<\/div>\n\n<p>To by\u0142a wyj\u0105tkowa okazja, by przypomnie\u0107 bogat\u0105 histori\u0119 szko\u0142y, wr\u00f3ci\u0107 wspomnieniami do chwil sp\u0119dzonych w jej murach i spotka\u0107 przyjaci\u00f3\u0142 z lat szkolnych.<\/p>\n<p>Przygotowali\u015bmy szereg uroczysto\u015bci, projekt\u00f3w, wydarze\u0144 sportowych oraz artystycznych z okazji jubileuszu.<br \/>\nDzi\u0119ki nim zaprezentowali\u015bmy: <a class=\" \" href=\"https:\/\/www.pspo.edu.pl\/pspo\/o-nas\/historia-pspo\/\">histori\u0119 szko\u0142y<\/a>, nasze osi\u0105gni\u0119cia:&nbsp;tutoring, perspektywy; plany na przysz\u0142o\u015b\u0107:<br \/>\n<a class=\" \" href=\"https:\/\/www.pspo.edu.pl\/pspo\/aktualnosci\/\">aktualno\u015bci liceum<\/a>, <a class=\" \" href=\"http:\/\/wysokieloty.pspo.edu.pl\/\">wysokie loty<\/a>.<\/p>\n<p>Wydarzenia zwi\u0105zane z 25 &#8211; leciem:&nbsp;konkurs na logo 25 &#8211; lecia,&nbsp;ksi\u0105\u017cka kulinarna,&nbsp;wyzwanie czytelnicze,<br \/>\ndyktando szkolne,&nbsp;D\u0105b 25 &#8211; lecia,&nbsp;sztafeta p\u0142ywacka, 25 km na 25 &#8211; lecie: Rajd rowerowy po Puszczy Kampinoskiej, mecze siatk\u00f3wki,&nbsp;piknik naukowy.<\/p>\n<p><strong>24 maja odby\u0142a si\u0119 uroczysta Gala wie\u0144cz\u0105ca obchody jubileuszu.<br \/>\nZapraszamy do obejrzenia relacji z tego wydarzenia!<br \/>\n<span style=\"color: #993366; font-size: 18pt;\"><a class=\" \" style=\"color: #993366;\" href=\"https:\/\/www.youtube.com\/watch?v=HgtEGGAFwgs&amp;t=1s\">Gala 25 lat PSPO<\/a><\/span><\/strong><\/p>\n<h2><span style=\"font-size: 24pt;\">Szko\u0142a Podstawowa<\/span><\/h2>\n<p>Rok szkolny 2015\/2016 by\u0142 dla nas wyj\u0105tkowy. W\u0142a\u015bnie min\u0119\u0142o 25 lat od kiedy powsta\u0142o Polskie Stowarzyszenie Promocji O\u015bwiatowych, organ prowadz\u0105cy nasze szko\u0142y.<\/p>\n<p>25 lecie \u015bwi\u0119towali\u015bmy ca\u0142y rok szkolny. Odby\u0142y si\u0119 uroczysto\u015bci, przygotowali\u015bmy wiele projekt\u00f3w i wydarze\u0144 zwi\u0105zanych z naszym jubileuszem.<\/p>\n<p>Nagrali\u015bmy film <span style=\"color: #993366;\">&#8222;<a class=\" \" style=\"color: #993366;\" href=\"https:\/\/www.youtube.com\/watch?v=Fbyzl_KEqrQ&amp;t=1s\"><strong>Mamy ju\u017c 25 &#8211; lat&#8221;<\/strong><\/a><\/span>&#8211; tak si\u0119 uczymy, tak si\u0119 bawimy w naszej szkole!<\/p>\n<p>Uczniowie klas 4 -6 wzi\u0119li udzia\u0142 w projekcie &#8222;Lata 90.&#8221; Przygotowali wystawy i prezentacje zwi\u0105zane z takimi dziedzinami jak: <strong><a class=\" \" href=\"http:\/\/trzynastka.pspo.edu.pl\/2016\/02\/technika-lat-90-wystawa.html\">technika<\/a><\/strong>, <strong><a class=\" \" href=\"http:\/\/trzynastka.pspo.edu.pl\/2016\/03\/25-filmow-na-25-lecie-szkoy.html\">film<\/a><\/strong>, <strong><a class=\" \" href=\"http:\/\/trzynastka.pspo.edu.pl\/2016\/06\/projekt-lata-90-ksiazka.html\">ksi\u0105\u017cka<\/a><\/strong>, <strong><a class=\" \" href=\"http:\/\/trzynastka.pspo.edu.pl\/2016\/04\/motoryzacja-lat-90-projekt-klasy-5d.html\">motoryzacja<\/a><\/strong>, <strong><a class=\" \" href=\"http:\/\/trzynastka.pspo.edu.pl\/2016\/06\/20-czerwca-klasa-4-b-pokazaa.html\">media <\/a><\/strong>oraz <strong><a class=\" \" href=\"http:\/\/trzynastka.pspo.edu.pl\/2016\/06\/projekt-lata-90-sztuka.html\">sztuka <\/a><\/strong>i <strong><a class=\" \" href=\"http:\/\/trzynastka.pspo.edu.pl\/2016\/07\/muzyka-lata-90.html\">muzyka<\/a><\/strong>.<br \/>\nDo zabawy w\u0142\u0105czyli si\u0119 r\u00f3wnie\u017c nasi najm\u0142odsi. Stworzyli pi\u0119kne&nbsp;<a class=\" \" href=\"http:\/\/trzynastka.pspo.edu.pl\/2016\/05\/medale-na-25-lecie-szkoy.html\"><strong>medale<\/strong><\/a>&nbsp;oraz&nbsp;<a class=\" \" href=\"http:\/\/trzynastka.pspo.edu.pl\/2016\/05\/24-maja-2016-r.html\"><strong>laurki<\/strong><\/a>&nbsp;dla szko\u0142y.<\/p>\n<p>25 wrze\u015bnia \u015bwi\u0119towali\u015bmy&nbsp;<strong><a class=\" \" href=\"http:\/\/trzynastka.pspo.edu.pl\/2015\/09\/v-swiatowy-dzien-tabliczki-mnozenia.html\">\u015awiatowy Dzie\u0144 Tabliczki Mno\u017cenia<\/a><\/strong>.<\/p>\n<p>Odby\u0142y si\u0119 r\u00f3wnie\u017c konkursy zwi\u0105zane z naszym &nbsp;25 -leciem: &#8222;<strong><a class=\" \" href=\"http:\/\/trzynastka.pspo.edu.pl\/2016\/03\/dzien-w-szkole-ktorego-nigdy-nie-zapomne.html\">Dzie\u0144 w szkole, kt\u00f3rego nigdy nie zapomn\u0119<\/a><\/strong>&#8221; , &#8222;<strong><a class=\" \" href=\"http:\/\/trzynastka.pspo.edu.pl\/2015\/12\/ja-za-25-lat.html\">Ja za 25 lat<\/a><\/strong>&#8221; oraz &#8222;<strong><a class=\" \" href=\"http:\/\/trzynastka.pspo.edu.pl\/2015\/11\/jubileuszowy-konkurs-plastyczno.html\">Liczba 25<\/a><\/strong>&#8222;.<\/p>\n<p>Nauczyciele przygotowali wystaw\u0119 zdj\u0119\u0107&nbsp;<strong><a class=\" \" href=\"http:\/\/trzynastka.pspo.edu.pl\/2015\/10\/25-lat-mineo.html\">25 lat min\u0119\u0142o&#8230;<\/a><\/strong>, na kt\u00f3rej mo\u017cna by\u0142o zobaczy\u0107 jak wygl\u0105dali \u0107wier\u0107 wieku temu!<\/p>\n<p>Postanowili r\u00f3wnie\u017c podj\u0105\u0107 szereg wyzwa\u0144 zwi\u0105zanych z 25- leciem. Oto niekt\u00f3re z nich: <a class=\" \" href=\"http:\/\/trzynastka.pspo.edu.pl\/2015\/10\/25-ciast-na-25-lecie-trzynastki.html\"><strong>25 ciast<\/strong>&nbsp;<\/a>,&nbsp;<a class=\" \" href=\"https:\/\/www.youtube.com\/watch?v=odmxBAu1Avc\"><strong>wyskakane 25<\/strong><\/a>,&nbsp;<strong><a class=\" \" href=\"https:\/\/www.youtube.com\/watch?v=uZ8uDY8SUMA\">wyzwanie 3<\/a><\/strong>&nbsp;oraz&nbsp;<strong><a class=\" \" href=\"https:\/\/www.youtube.com\/watch?v=NerwkekV6Ic\">wyzwanie 5<\/a><\/strong>.<\/p>\n<p>Zach\u0119camy do odwiedzania naszej strony internetowej, blog\u00f3w<strong>&nbsp;<a class=\" \" href=\"http:\/\/trzynastka.pspo.edu.pl\/\">Trzynastka<\/a>&nbsp;<\/strong>i&nbsp;<strong><a class=\" \" href=\"http:\/\/wysokieloty.pspo.edu.pl\/\">Wysokie loty<\/a>&nbsp;<\/strong>oraz naszych facebook&#8217;owych profili:&nbsp;<strong><a class=\" \" href=\"https:\/\/web.facebook.com\/SSP-nr-13-172725959438381\/?ref=bookmarks\">SSP 13<\/a><\/strong>,&nbsp;<a class=\" \" href=\"https:\/\/web.facebook.com\/Liceum-i-Gimnazjum-im-Lotnik%C3%B3w-Ameryka%C5%84skich-184062198291978\/?ref=bookmarks\"><strong>Liceum i<\/strong> <strong>Gimnazjum<\/strong><\/a>&nbsp;oraz&nbsp;<strong><a class=\" \" href=\"https:\/\/web.facebook.com\/Szkoly.PSPO\/?ref=bookmarks\">PSPO<\/a><\/strong>. Znajdziecie tam relacje z tego, co dzieje si\u0119 na co dzie\u0144 w naszych szko\u0142ach oraz dowiecie si\u0119, jakie wyzwania podj\u0119li nauczyciele z okazji 25 &#8211; lecia!<\/p>\n<p><strong>24 maja odby\u0142a si\u0119 uroczysta Gala wie\u0144cz\u0105ca obchody jubileuszu.<br \/>\n<\/strong><strong>Zapraszamy do obejrzenia relacji z tego wydarzenia!<br \/>\n<span style=\"color: #993366; font-size: 18pt;\"><a class=\" \" style=\"color: #993366;\" href=\"https:\/\/www.youtube.com\/watch?v=HgtEGGAFwgs&amp;t=1s\">Gala 25 lat PSPO<\/a><\/span><\/strong><\/p>\n<!-- AddThis Advanced Settings generic via filter on the_content --><!-- AddThis Share Buttons generic via filter on the_content -->","protected":false},"excerpt":{"rendered":"<p>Mamy ju\u017c 25 lat! Liceum Rok szkolny 2017\/2018 by\u0142 dla naszego liceum rokiem jubileuszowym. A\u017c trudno uwierzy\u0107, \u017ce to ju\u017c 25 lat istnienia Liceum Og\u00f3lnokszta\u0142c\u0105cego Niepublicznego nr 43 im. Lotnik\u00f3w Ameryka\u0144skich. To by\u0142a wyj\u0105tkowa okazja, by przypomnie\u0107 bogat\u0105 histori\u0119 szko\u0142y, wr\u00f3ci\u0107 wspomnieniami do chwil sp\u0119dzonych w jej murach i spotka\u0107 przyjaci\u00f3\u0142 z lat szkolnych. Przygotowali\u015bmy &hellip;<!-- AddThis Advanced Settings generic via filter on get_the_excerpt --><!-- AddThis Share Buttons generic via filter on get_the_excerpt --><\/p>\n","protected":false},"author":1,"featured_media":0,"parent":520,"menu_order":0,"comment_status":"closed","ping_status":"closed","template":"","meta":{"inline_featured_image":false,"ngg_post_thumbnail":0,"footnotes":""},"class_list":["post-524","page","type-page","status-publish","hentry"],"yoast_head":"<!-- This site is optimized with the Yoast SEO plugin v27.4 - https:\/\/yoast.com\/product\/yoast-seo-wordpress\/ -->\n<title>25 lecie - PSPO<\/title>\n<meta name=\"robots\" content=\"index, follow, max-snippet:-1, max-image-preview:large, max-video-preview:-1\" \/>\n<link rel=\"canonical\" href=\"https:\/\/www.pspo.edu.pl\/pspo\/o-nas\/historia-pspo\/25-lecie\/\" \/>\n<meta property=\"og:locale\" content=\"pl_PL\" \/>\n<meta property=\"og:type\" content=\"article\" \/>\n<meta property=\"og:title\" content=\"25 lecie - PSPO\" \/>\n<meta property=\"og:description\" content=\"Mamy ju\u017c 25 lat! Liceum Rok szkolny 2017\/2018 by\u0142 dla naszego liceum rokiem jubileuszowym. A\u017c trudno uwierzy\u0107, \u017ce to ju\u017c 25 lat istnienia Liceum Og\u00f3lnokszta\u0142c\u0105cego Niepublicznego nr 43 im. Lotnik\u00f3w Ameryka\u0144skich. To by\u0142a wyj\u0105tkowa okazja, by przypomnie\u0107 bogat\u0105 histori\u0119 szko\u0142y, wr\u00f3ci\u0107 wspomnieniami do chwil sp\u0119dzonych w jej murach i spotka\u0107 przyjaci\u00f3\u0142 z lat szkolnych. Przygotowali\u015bmy &hellip;\" \/>\n<meta property=\"og:url\" content=\"https:\/\/www.pspo.edu.pl\/pspo\/o-nas\/historia-pspo\/25-lecie\/\" \/>\n<meta property=\"og:site_name\" content=\"PSPO\" \/>\n<meta property=\"article:modified_time\" content=\"2024-02-24T13:06:33+00:00\" \/>\n<meta property=\"og:image\" content=\"https:\/\/www.pspo.edu.pl\/media\/filer_public_thumbnails\/filer_public\/06\/ee\/06ee118c-c266-4dbd-bd48-ad0a3eea934e\/25pspo.png__897x598_q85_crop_subsampling-2_upscale.jpg\" \/>\n<meta name=\"twitter:card\" content=\"summary_large_image\" \/>\n<meta name=\"twitter:label1\" content=\"Szacowany czas czytania\" \/>\n\t<meta name=\"twitter:data1\" content=\"3 minuty\" \/>\n<script type=\"application\/ld+json\" class=\"yoast-schema-graph\">{\"@context\":\"https:\\\/\\\/schema.org\",\"@graph\":[{\"@type\":\"WebPage\",\"@id\":\"https:\\\/\\\/www.pspo.edu.pl\\\/pspo\\\/o-nas\\\/historia-pspo\\\/25-lecie\\\/\",\"url\":\"https:\\\/\\\/www.pspo.edu.pl\\\/pspo\\\/o-nas\\\/historia-pspo\\\/25-lecie\\\/\",\"name\":\"25 lecie - PSPO\",\"isPartOf\":{\"@id\":\"https:\\\/\\\/www.pspo.edu.pl\\\/pspo\\\/#website\"},\"primaryImageOfPage\":{\"@id\":\"https:\\\/\\\/www.pspo.edu.pl\\\/pspo\\\/o-nas\\\/historia-pspo\\\/25-lecie\\\/#primaryimage\"},\"image\":{\"@id\":\"https:\\\/\\\/www.pspo.edu.pl\\\/pspo\\\/o-nas\\\/historia-pspo\\\/25-lecie\\\/#primaryimage\"},\"thumbnailUrl\":\"https:\\\/\\\/www.pspo.edu.pl\\\/media\\\/filer_public_thumbnails\\\/filer_public\\\/06\\\/ee\\\/06ee118c-c266-4dbd-bd48-ad0a3eea934e\\\/25pspo.png__897x598_q85_crop_subsampling-2_upscale.jpg\",\"datePublished\":\"2022-10-13T09:42:41+00:00\",\"dateModified\":\"2024-02-24T13:06:33+00:00\",\"breadcrumb\":{\"@id\":\"https:\\\/\\\/www.pspo.edu.pl\\\/pspo\\\/o-nas\\\/historia-pspo\\\/25-lecie\\\/#breadcrumb\"},\"inLanguage\":\"pl-PL\",\"potentialAction\":[{\"@type\":\"ReadAction\",\"target\":[\"https:\\\/\\\/www.pspo.edu.pl\\\/pspo\\\/o-nas\\\/historia-pspo\\\/25-lecie\\\/\"]}]},{\"@type\":\"ImageObject\",\"inLanguage\":\"pl-PL\",\"@id\":\"https:\\\/\\\/www.pspo.edu.pl\\\/pspo\\\/o-nas\\\/historia-pspo\\\/25-lecie\\\/#primaryimage\",\"url\":\"https:\\\/\\\/www.pspo.edu.pl\\\/media\\\/filer_public_thumbnails\\\/filer_public\\\/06\\\/ee\\\/06ee118c-c266-4dbd-bd48-ad0a3eea934e\\\/25pspo.png__897x598_q85_crop_subsampling-2_upscale.jpg\",\"contentUrl\":\"https:\\\/\\\/www.pspo.edu.pl\\\/media\\\/filer_public_thumbnails\\\/filer_public\\\/06\\\/ee\\\/06ee118c-c266-4dbd-bd48-ad0a3eea934e\\\/25pspo.png__897x598_q85_crop_subsampling-2_upscale.jpg\"},{\"@type\":\"BreadcrumbList\",\"@id\":\"https:\\\/\\\/www.pspo.edu.pl\\\/pspo\\\/o-nas\\\/historia-pspo\\\/25-lecie\\\/#breadcrumb\",\"itemListElement\":[{\"@type\":\"ListItem\",\"position\":1,\"name\":\"Strona g\u0142\u00f3wna\",\"item\":\"https:\\\/\\\/www.pspo.edu.pl\\\/pspo\\\/\"},{\"@type\":\"ListItem\",\"position\":2,\"name\":\"O nas\",\"item\":\"https:\\\/\\\/www.pspo.edu.pl\\\/pspo\\\/o-nas\\\/\"},{\"@type\":\"ListItem\",\"position\":3,\"name\":\"Historia PSPO\",\"item\":\"https:\\\/\\\/www.pspo.edu.pl\\\/pspo\\\/o-nas\\\/historia-pspo\\\/\"},{\"@type\":\"ListItem\",\"position\":4,\"name\":\"25 lecie\"}]},{\"@type\":\"WebSite\",\"@id\":\"https:\\\/\\\/www.pspo.edu.pl\\\/pspo\\\/#website\",\"url\":\"https:\\\/\\\/www.pspo.edu.pl\\\/pspo\\\/\",\"name\":\"PSPO\",\"description\":\"Polskie Stowarzyszenie Promocji O\u015bwiatowych\",\"potentialAction\":[{\"@type\":\"SearchAction\",\"target\":{\"@type\":\"EntryPoint\",\"urlTemplate\":\"https:\\\/\\\/www.pspo.edu.pl\\\/pspo\\\/?s={search_term_string}\"},\"query-input\":{\"@type\":\"PropertyValueSpecification\",\"valueRequired\":true,\"valueName\":\"search_term_string\"}}],\"inLanguage\":\"pl-PL\"}]}<\/script>\n<!-- \/ Yoast SEO plugin. -->","yoast_head_json":{"title":"25 lecie - PSPO","robots":{"index":"index","follow":"follow","max-snippet":"max-snippet:-1","max-image-preview":"max-image-preview:large","max-video-preview":"max-video-preview:-1"},"canonical":"https:\/\/www.pspo.edu.pl\/pspo\/o-nas\/historia-pspo\/25-lecie\/","og_locale":"pl_PL","og_type":"article","og_title":"25 lecie - PSPO","og_description":"Mamy ju\u017c 25 lat! Liceum Rok szkolny 2017\/2018 by\u0142 dla naszego liceum rokiem jubileuszowym. A\u017c trudno uwierzy\u0107, \u017ce to ju\u017c 25 lat istnienia Liceum Og\u00f3lnokszta\u0142c\u0105cego Niepublicznego nr 43 im. Lotnik\u00f3w Ameryka\u0144skich. To by\u0142a wyj\u0105tkowa okazja, by przypomnie\u0107 bogat\u0105 histori\u0119 szko\u0142y, wr\u00f3ci\u0107 wspomnieniami do chwil sp\u0119dzonych w jej murach i spotka\u0107 przyjaci\u00f3\u0142 z lat szkolnych. Przygotowali\u015bmy &hellip;","og_url":"https:\/\/www.pspo.edu.pl\/pspo\/o-nas\/historia-pspo\/25-lecie\/","og_site_name":"PSPO","article_modified_time":"2024-02-24T13:06:33+00:00","og_image":[{"url":"https:\/\/www.pspo.edu.pl\/media\/filer_public_thumbnails\/filer_public\/06\/ee\/06ee118c-c266-4dbd-bd48-ad0a3eea934e\/25pspo.png__897x598_q85_crop_subsampling-2_upscale.jpg","type":"","width":"","height":""}],"twitter_card":"summary_large_image","twitter_misc":{"Szacowany czas czytania":"3 minuty"},"schema":{"@context":"https:\/\/schema.org","@graph":[{"@type":"WebPage","@id":"https:\/\/www.pspo.edu.pl\/pspo\/o-nas\/historia-pspo\/25-lecie\/","url":"https:\/\/www.pspo.edu.pl\/pspo\/o-nas\/historia-pspo\/25-lecie\/","name":"25 lecie - PSPO","isPartOf":{"@id":"https:\/\/www.pspo.edu.pl\/pspo\/#website"},"primaryImageOfPage":{"@id":"https:\/\/www.pspo.edu.pl\/pspo\/o-nas\/historia-pspo\/25-lecie\/#primaryimage"},"image":{"@id":"https:\/\/www.pspo.edu.pl\/pspo\/o-nas\/historia-pspo\/25-lecie\/#primaryimage"},"thumbnailUrl":"https:\/\/www.pspo.edu.pl\/media\/filer_public_thumbnails\/filer_public\/06\/ee\/06ee118c-c266-4dbd-bd48-ad0a3eea934e\/25pspo.png__897x598_q85_crop_subsampling-2_upscale.jpg","datePublished":"2022-10-13T09:42:41+00:00","dateModified":"2024-02-24T13:06:33+00:00","breadcrumb":{"@id":"https:\/\/www.pspo.edu.pl\/pspo\/o-nas\/historia-pspo\/25-lecie\/#breadcrumb"},"inLanguage":"pl-PL","potentialAction":[{"@type":"ReadAction","target":["https:\/\/www.pspo.edu.pl\/pspo\/o-nas\/historia-pspo\/25-lecie\/"]}]},{"@type":"ImageObject","inLanguage":"pl-PL","@id":"https:\/\/www.pspo.edu.pl\/pspo\/o-nas\/historia-pspo\/25-lecie\/#primaryimage","url":"https:\/\/www.pspo.edu.pl\/media\/filer_public_thumbnails\/filer_public\/06\/ee\/06ee118c-c266-4dbd-bd48-ad0a3eea934e\/25pspo.png__897x598_q85_crop_subsampling-2_upscale.jpg","contentUrl":"https:\/\/www.pspo.edu.pl\/media\/filer_public_thumbnails\/filer_public\/06\/ee\/06ee118c-c266-4dbd-bd48-ad0a3eea934e\/25pspo.png__897x598_q85_crop_subsampling-2_upscale.jpg"},{"@type":"BreadcrumbList","@id":"https:\/\/www.pspo.edu.pl\/pspo\/o-nas\/historia-pspo\/25-lecie\/#breadcrumb","itemListElement":[{"@type":"ListItem","position":1,"name":"Strona g\u0142\u00f3wna","item":"https:\/\/www.pspo.edu.pl\/pspo\/"},{"@type":"ListItem","position":2,"name":"O nas","item":"https:\/\/www.pspo.edu.pl\/pspo\/o-nas\/"},{"@type":"ListItem","position":3,"name":"Historia PSPO","item":"https:\/\/www.pspo.edu.pl\/pspo\/o-nas\/historia-pspo\/"},{"@type":"ListItem","position":4,"name":"25 lecie"}]},{"@type":"WebSite","@id":"https:\/\/www.pspo.edu.pl\/pspo\/#website","url":"https:\/\/www.pspo.edu.pl\/pspo\/","name":"PSPO","description":"Polskie Stowarzyszenie Promocji O\u015bwiatowych","potentialAction":[{"@type":"SearchAction","target":{"@type":"EntryPoint","urlTemplate":"https:\/\/www.pspo.edu.pl\/pspo\/?s={search_term_string}"},"query-input":{"@type":"PropertyValueSpecification","valueRequired":true,"valueName":"search_term_string"}}],"inLanguage":"pl-PL"}]}},"_links":{"self":[{"href":"https:\/\/www.pspo.edu.pl\/pspo\/wp-json\/wp\/v2\/pages\/524","targetHints":{"allow":["GET"]}}],"collection":[{"href":"https:\/\/www.pspo.edu.pl\/pspo\/wp-json\/wp\/v2\/pages"}],"about":[{"href":"https:\/\/www.pspo.edu.pl\/pspo\/wp-json\/wp\/v2\/types\/page"}],"author":[{"embeddable":true,"href":"https:\/\/www.pspo.edu.pl\/pspo\/wp-json\/wp\/v2\/users\/1"}],"replies":[{"embeddable":true,"href":"https:\/\/www.pspo.edu.pl\/pspo\/wp-json\/wp\/v2\/comments?post=524"}],"version-history":[{"count":12,"href":"https:\/\/www.pspo.edu.pl\/pspo\/wp-json\/wp\/v2\/pages\/524\/revisions"}],"predecessor-version":[{"id":1138,"href":"https:\/\/www.pspo.edu.pl\/pspo\/wp-json\/wp\/v2\/pages\/524\/revisions\/1138"}],"up":[{"embeddable":true,"href":"https:\/\/www.pspo.edu.pl\/pspo\/wp-json\/wp\/v2\/pages\/520"}],"wp:attachment":[{"href":"https:\/\/www.pspo.edu.pl\/pspo\/wp-json\/wp\/v2\/media?parent=524"}],"curies":[{"name":"wp","href":"https:\/\/api.w.org\/{rel}","templated":true}]}}