{"id":876,"date":"2023-01-17T13:22:17","date_gmt":"2023-01-17T12:22:17","guid":{"rendered":"https:\/\/wpms.pspo.edu.pl\/pspo\/?page_id=876"},"modified":"2023-12-20T02:30:45","modified_gmt":"2023-12-20T01:30:45","slug":"polityka-ochrony-danych-osobowych","status":"publish","type":"page","link":"https:\/\/www.pspo.edu.pl\/pspo\/polityka-ochrony-danych-osobowych\/","title":{"rendered":"Polityka ochrony danych osobowych"},"content":{"rendered":"<p>Polskie Stowarzyszenie promocji O\u015bwiatowych Oddzial&nbsp;I szanuje i przestrzega prawa do prywatno\u015bci. Informacje o tym, w&nbsp;jaki spos\u00f3b informacje s\u0105 gromadzone, przetwarzane i wykorzystywane oraz w jaki spos\u00f3b PSPO Oddzia\u0142 I dba o ochron\u0119 danych osobowych znajduj\u0105 si\u0119 w dokumencie: Polityka Ochrony Danych Osobowych.<\/p>\n<p>Poni\u017cszy dokument bazuje na wytycznych zawartych w Ustawie o ochronie danych osobowych Dz.U z 2018 r., poz.1000 ze zm.<br \/>\nAdministratorem danych osobowych jest Polskie Stowarzyszenie&nbsp;Promocji O\u015bwiatowych Oddzia\u0142 I.<\/p>\n<h2 style=\"text-align: center;\">Polityka prywatno\u015bci<\/h2>\n<p>OPERATOREM SERWISU JEST:<br \/>\nPolskie Stowarzyszenie Promocji O\u015bwiatowych<br \/>\nOddzia\u0142 I<br \/>\nul. W\u00f3ycickiego 1\/3 bud.18<br \/>\n01-938 Warszawa<br \/>\ntel. 22 835 37 76, +48 575 000 614<\/p>\n<p>Serwis nie zbiera w spos\u00f3b automatyczny \u017cadnych informacji, z wyj\u0105tkiem informacji zawartych w plikach cookies.<\/p>\n<p>Pliki cookies (tzw. \u201eciasteczka\u201d) stanowi\u0105 dane informatyczne, w szczeg\u00f3lno\u015bci pliki tekstowe, kt\u00f3re przechowywane s\u0105 w urz\u0105dzeniu ko\u0144cowym U\u017cytkownika Serwisu i przeznaczone s\u0105 do korzystania ze stron internetowych Serwisu. Cookies zazwyczaj zawieraj\u0105 nazw\u0119 strony internetowej, z kt\u00f3rej pochodz\u0105, czas przechowywania ich na urz\u0105dzeniu ko\u0144cowym oraz unikalny numer.<\/p>\n<p>Podmiotem zamieszczaj\u0105cym na urz\u0105dzeniu ko\u0144cowym U\u017cytkownika Serwisu pliki cookies oraz uzyskuj\u0105cym do nich dost\u0119p jest operator Serwisu.<\/p>\n<p>Pliki cookies wykorzystywane s\u0105 w celu:<\/p>\n<ul>\n<li>dostosowania zawarto\u015bci stron internetowych Serwisu do preferencji U\u017cytkownika oraz optymalizacji korzystania ze stron internetowych; w szczeg\u00f3lno\u015bci pliki te pozwalaj\u0105 rozpozna\u0107 urz\u0105dzenie U\u017cytkownika Serwisu i odpowiednio wy\u015bwietli\u0107 stron\u0119 internetow\u0105, dostosowan\u0105 do jego indywidualnych potrzeb;<\/li>\n<li>tworzenia statystyk, kt\u00f3re pomagaj\u0105 zrozumie\u0107, w jaki spos\u00f3b U\u017cytkownicy Serwisu korzystaj\u0105 ze stron internetowych, co umo\u017cliwia ulepszanie ich struktury i zawarto\u015bci;<\/li>\n<li>utrzymania sesji U\u017cytkownika Serwisu (po zalogowaniu), dzi\u0119ki kt\u00f3rej U\u017cytkownik nie musi na ka\u017cdej podstronie Serwisu ponownie wpisywa\u0107 loginu i has\u0142a;<\/li>\n<\/ul>\n<p>W ramach Serwisu stosowane s\u0105 zasadnicze rodzaje plik\u00f3w cookies: \u201esesyjne\u201d (session cookies) oraz \u201esta\u0142e\u201d (persistent cookies). Cookies \u201esesyjne\u201d s\u0105 plikami tymczasowymi, kt\u00f3re przechowywane s\u0105 w urz\u0105dzeniu ko\u0144cowym U\u017cytkownika do czasu wylogowania, opuszczenia strony internetowej lub wy\u0142\u0105czenia oprogramowania (przegl\u0105darki internetowej). \u201eSta\u0142e\u201d pliki cookies przechowywane s\u0105 w urz\u0105dzeniu ko\u0144cowym U\u017cytkownika przez czas okre\u015blony w parametrach plik\u00f3w cookies lub do czasu ich usuni\u0119cia przez U\u017cytkownika.<\/p>\n<p>W ramach Serwisu stosowane s\u0105 nast\u0119puj\u0105ce rodzaje plik\u00f3w cookies:<\/p>\n<p>NAZWA, RODZAJ I CEL ZAPISANIA CIASTECZKA<\/p>\n<ul>\n<li><strong>_ga<\/strong> ciasteczko wykorzystywane przez Serwis Google Analytics \u2013 w celu gromadzenia zagregowanych danych statystycznych o u\u017cytkownikach Serwisu, rejestruje konkretny identyfikator u\u017cywany do uzyskiwania danych o korzystaniu z witryny przez u\u017cytkownika<\/li>\n<li><strong>_gat#<\/strong> ciasteczko wykorzystywane przez Serwis Google Analytics \u2013regulacj\u0119 szybko\u015bci \u017c\u0105da\u0144. Jest to plik cookie HTTP, kt\u00f3ry trwa przez sesj\u0119.<\/li>\n<li><strong>_gid<\/strong> ciasteczko wykorzystywane przez Serwis Google Analytics \u2013 zapisuje unikalny identyfikator, kt\u00f3ry jest nast\u0119pnie wykorzystywany do tworzenia danych statystycznych dotycz\u0105cych korzystania z witryny przez odwiedzaj\u0105cych. Jest to plik cookie typu HTTP i wygasa po sesji przegl\u0105dania.<\/li>\n<li><strong>_ga_#<\/strong> ciasteczko wykorzystywane przez Serwis Google Analytics &#8211; s\u0142u\u017cy do rozr\u00f3\u017cniania poszczeg\u00f3lnych u\u017cytkownik\u00f3w poprzez oznaczenie losowo wygenerowanej liczby jako identyfikatora klienta, co pozwala na kalkulacj\u0119 odwiedzin i sesji.<\/li>\n<\/ul>\n<p>W wielu przypadkach oprogramowanie s\u0142u\u017c\u0105ce do przegl\u0105dania stron internetowych (przegl\u0105darka internetowa) domy\u015blnie dopuszcza przechowywanie plik\u00f3w cookies w urz\u0105dzeniu ko\u0144cowym U\u017cytkownika. U\u017cytkownicy Serwisu mog\u0105 dokona\u0107 w ka\u017cdym czasie zmiany ustawie\u0144 dotycz\u0105cych plik\u00f3w cookies. Ustawienia te mog\u0105 zosta\u0107 zmienione w szczeg\u00f3lno\u015bci w taki spos\u00f3b, aby blokowa\u0107 automatyczn\u0105 obs\u0142ug\u0119 plik\u00f3w cookies w ustawieniach przegl\u0105darki internetowej b\u0105d\u017a informowa\u0107 o ich ka\u017cdorazowym zamieszczeniu w urz\u0105dzeniu U\u017cytkownika Serwisu. Szczeg\u00f3\u0142owe informacje o mo\u017cliwo\u015bci i sposobach obs\u0142ugi plik\u00f3w cookies dost\u0119pne s\u0105 w ustawieniach oprogramowania (przegl\u0105darki internetowej).<\/p>\n<p>Operator Serwisu informuje, \u017ce ograniczenia stosowania plik\u00f3w cookies mog\u0105 wp\u0142yn\u0105\u0107 na niekt\u00f3re funkcjonalno\u015bci dost\u0119pne na stronach internetowych Serwisu.<\/p>\n<p>Wi\u0119cej informacji na temat plik\u00f3w cookies dost\u0119pnych jest w sekcji \u201ePomoc\u201d w menu przegl\u0105darki internetowej.<\/p>\n<p>Stosowanie ciasteczek dostarczanych przez Serwis Google Analytics (Google LLC, 1600 Amphitheatre Parkway, Mountain View, California, 94043, United States of America) wi\u0105\u017ce si\u0119 z transferem danych poza Europejski Obszar Gospodarczy (EOG). Informujemy, \u017ce sp\u00f3\u0142ka Google LLC znajduje si\u0119 na li\u015bcie organizacji, opublikowanej przez Departament Handlu USA, kt\u00f3re zapewniaj\u0105 zgodno\u015b\u0107 z \u201eRamami ochrony danych UE &#8211; USA\u201d, wed\u0142ug decyzji Komisji Europejskiej z 10 lipca 2023 r. stwierdzaj\u0105cej odpowiedni stopie\u0144 ochrony danych osobowych zapewniony przez tzw. &#8222;Ramy ochrony danych UE-USA\u201d (EU-US Data Privacy Framework). Taki transfer danych nie wymaga dodatkowych zabezpiecze\u0144 i zezwole\u0144.<\/p>\n<p>Inspektorem Danych Osobowych w PSPO Oddz.I jest Pan \u0141ukasz Zegarek.<\/p>\n<p>Z Inspektorem Ochrony Danych Osobowych mo\u017cna skontaktowa\u0107 si\u0119 poprzez wys\u0142anie wiadomo\u015bci na adres: Inspektor Ochrony Danych Osobowych PSPO Oddz.I ul. W\u00f3ycickiego 1\/3 bud.18 lub na adres email: iod@pspo.edu.pl<\/p>\n<p><em><a href=\"https:\/\/www.pspo.edu.pl\/pspo\/wp-content\/uploads\/sites\/2\/2023\/12\/Polityka-prywatnosci_PSPO.pdf\">Dokument do pobrania w formie PDF<\/a>.<\/em><\/p>\n<!-- AddThis Advanced Settings generic via filter on the_content --><!-- AddThis Share Buttons generic via filter on the_content -->","protected":false},"excerpt":{"rendered":"<p>Polskie Stowarzyszenie promocji O\u015bwiatowych Oddzial&nbsp;I szanuje i przestrzega prawa do prywatno\u015bci. Informacje o tym, w&nbsp;jaki spos\u00f3b informacje s\u0105 gromadzone, przetwarzane i wykorzystywane oraz w jaki spos\u00f3b PSPO Oddzia\u0142 I dba o ochron\u0119 danych osobowych znajduj\u0105 si\u0119 w dokumencie: Polityka Ochrony Danych Osobowych. Poni\u017cszy dokument bazuje na wytycznych zawartych w Ustawie o ochronie danych osobowych Dz.U &hellip;<!-- AddThis Advanced Settings generic via filter on get_the_excerpt --><!-- AddThis Share Buttons generic via filter on get_the_excerpt --><\/p>\n","protected":false},"author":1,"featured_media":0,"parent":0,"menu_order":0,"comment_status":"closed","ping_status":"closed","template":"","meta":{"inline_featured_image":false,"ngg_post_thumbnail":0,"footnotes":""},"class_list":["post-876","page","type-page","status-publish","hentry"],"yoast_head":"<!-- This site is optimized with the Yoast SEO plugin v27.4 - https:\/\/yoast.com\/product\/yoast-seo-wordpress\/ -->\n<title>Polityka ochrony danych osobowych - PSPO<\/title>\n<meta name=\"robots\" content=\"index, follow, max-snippet:-1, max-image-preview:large, max-video-preview:-1\" \/>\n<link rel=\"canonical\" href=\"https:\/\/www.pspo.edu.pl\/pspo\/polityka-ochrony-danych-osobowych\/\" \/>\n<meta property=\"og:locale\" content=\"pl_PL\" \/>\n<meta property=\"og:type\" content=\"article\" \/>\n<meta property=\"og:title\" content=\"Polityka ochrony danych osobowych - PSPO\" \/>\n<meta property=\"og:description\" content=\"Polskie Stowarzyszenie promocji O\u015bwiatowych Oddzial&nbsp;I szanuje i przestrzega prawa do prywatno\u015bci. Informacje o tym, w&nbsp;jaki spos\u00f3b informacje s\u0105 gromadzone, przetwarzane i wykorzystywane oraz w jaki spos\u00f3b PSPO Oddzia\u0142 I dba o ochron\u0119 danych osobowych znajduj\u0105 si\u0119 w dokumencie: Polityka Ochrony Danych Osobowych. Poni\u017cszy dokument bazuje na wytycznych zawartych w Ustawie o ochronie danych osobowych Dz.U &hellip;\" \/>\n<meta property=\"og:url\" content=\"https:\/\/www.pspo.edu.pl\/pspo\/polityka-ochrony-danych-osobowych\/\" \/>\n<meta property=\"og:site_name\" content=\"PSPO\" \/>\n<meta property=\"article:modified_time\" content=\"2023-12-20T01:30:45+00:00\" \/>\n<meta name=\"twitter:card\" content=\"summary_large_image\" \/>\n<meta name=\"twitter:label1\" content=\"Szacowany czas czytania\" \/>\n\t<meta name=\"twitter:data1\" content=\"5 minut\" \/>\n<script type=\"application\/ld+json\" class=\"yoast-schema-graph\">{\"@context\":\"https:\\\/\\\/schema.org\",\"@graph\":[{\"@type\":\"WebPage\",\"@id\":\"https:\\\/\\\/www.pspo.edu.pl\\\/pspo\\\/polityka-ochrony-danych-osobowych\\\/\",\"url\":\"https:\\\/\\\/www.pspo.edu.pl\\\/pspo\\\/polityka-ochrony-danych-osobowych\\\/\",\"name\":\"Polityka ochrony danych osobowych - PSPO\",\"isPartOf\":{\"@id\":\"https:\\\/\\\/www.pspo.edu.pl\\\/pspo\\\/#website\"},\"datePublished\":\"2023-01-17T12:22:17+00:00\",\"dateModified\":\"2023-12-20T01:30:45+00:00\",\"breadcrumb\":{\"@id\":\"https:\\\/\\\/www.pspo.edu.pl\\\/pspo\\\/polityka-ochrony-danych-osobowych\\\/#breadcrumb\"},\"inLanguage\":\"pl-PL\",\"potentialAction\":[{\"@type\":\"ReadAction\",\"target\":[\"https:\\\/\\\/www.pspo.edu.pl\\\/pspo\\\/polityka-ochrony-danych-osobowych\\\/\"]}]},{\"@type\":\"BreadcrumbList\",\"@id\":\"https:\\\/\\\/www.pspo.edu.pl\\\/pspo\\\/polityka-ochrony-danych-osobowych\\\/#breadcrumb\",\"itemListElement\":[{\"@type\":\"ListItem\",\"position\":1,\"name\":\"Strona g\u0142\u00f3wna\",\"item\":\"https:\\\/\\\/www.pspo.edu.pl\\\/pspo\\\/\"},{\"@type\":\"ListItem\",\"position\":2,\"name\":\"Polityka ochrony danych osobowych\"}]},{\"@type\":\"WebSite\",\"@id\":\"https:\\\/\\\/www.pspo.edu.pl\\\/pspo\\\/#website\",\"url\":\"https:\\\/\\\/www.pspo.edu.pl\\\/pspo\\\/\",\"name\":\"PSPO\",\"description\":\"Polskie Stowarzyszenie Promocji O\u015bwiatowych\",\"potentialAction\":[{\"@type\":\"SearchAction\",\"target\":{\"@type\":\"EntryPoint\",\"urlTemplate\":\"https:\\\/\\\/www.pspo.edu.pl\\\/pspo\\\/?s={search_term_string}\"},\"query-input\":{\"@type\":\"PropertyValueSpecification\",\"valueRequired\":true,\"valueName\":\"search_term_string\"}}],\"inLanguage\":\"pl-PL\"}]}<\/script>\n<!-- \/ Yoast SEO plugin. -->","yoast_head_json":{"title":"Polityka ochrony danych osobowych - PSPO","robots":{"index":"index","follow":"follow","max-snippet":"max-snippet:-1","max-image-preview":"max-image-preview:large","max-video-preview":"max-video-preview:-1"},"canonical":"https:\/\/www.pspo.edu.pl\/pspo\/polityka-ochrony-danych-osobowych\/","og_locale":"pl_PL","og_type":"article","og_title":"Polityka ochrony danych osobowych - PSPO","og_description":"Polskie Stowarzyszenie promocji O\u015bwiatowych Oddzial&nbsp;I szanuje i przestrzega prawa do prywatno\u015bci. Informacje o tym, w&nbsp;jaki spos\u00f3b informacje s\u0105 gromadzone, przetwarzane i wykorzystywane oraz w jaki spos\u00f3b PSPO Oddzia\u0142 I dba o ochron\u0119 danych osobowych znajduj\u0105 si\u0119 w dokumencie: Polityka Ochrony Danych Osobowych. Poni\u017cszy dokument bazuje na wytycznych zawartych w Ustawie o ochronie danych osobowych Dz.U &hellip;","og_url":"https:\/\/www.pspo.edu.pl\/pspo\/polityka-ochrony-danych-osobowych\/","og_site_name":"PSPO","article_modified_time":"2023-12-20T01:30:45+00:00","twitter_card":"summary_large_image","twitter_misc":{"Szacowany czas czytania":"5 minut"},"schema":{"@context":"https:\/\/schema.org","@graph":[{"@type":"WebPage","@id":"https:\/\/www.pspo.edu.pl\/pspo\/polityka-ochrony-danych-osobowych\/","url":"https:\/\/www.pspo.edu.pl\/pspo\/polityka-ochrony-danych-osobowych\/","name":"Polityka ochrony danych osobowych - PSPO","isPartOf":{"@id":"https:\/\/www.pspo.edu.pl\/pspo\/#website"},"datePublished":"2023-01-17T12:22:17+00:00","dateModified":"2023-12-20T01:30:45+00:00","breadcrumb":{"@id":"https:\/\/www.pspo.edu.pl\/pspo\/polityka-ochrony-danych-osobowych\/#breadcrumb"},"inLanguage":"pl-PL","potentialAction":[{"@type":"ReadAction","target":["https:\/\/www.pspo.edu.pl\/pspo\/polityka-ochrony-danych-osobowych\/"]}]},{"@type":"BreadcrumbList","@id":"https:\/\/www.pspo.edu.pl\/pspo\/polityka-ochrony-danych-osobowych\/#breadcrumb","itemListElement":[{"@type":"ListItem","position":1,"name":"Strona g\u0142\u00f3wna","item":"https:\/\/www.pspo.edu.pl\/pspo\/"},{"@type":"ListItem","position":2,"name":"Polityka ochrony danych osobowych"}]},{"@type":"WebSite","@id":"https:\/\/www.pspo.edu.pl\/pspo\/#website","url":"https:\/\/www.pspo.edu.pl\/pspo\/","name":"PSPO","description":"Polskie Stowarzyszenie Promocji O\u015bwiatowych","potentialAction":[{"@type":"SearchAction","target":{"@type":"EntryPoint","urlTemplate":"https:\/\/www.pspo.edu.pl\/pspo\/?s={search_term_string}"},"query-input":{"@type":"PropertyValueSpecification","valueRequired":true,"valueName":"search_term_string"}}],"inLanguage":"pl-PL"}]}},"_links":{"self":[{"href":"https:\/\/www.pspo.edu.pl\/pspo\/wp-json\/wp\/v2\/pages\/876","targetHints":{"allow":["GET"]}}],"collection":[{"href":"https:\/\/www.pspo.edu.pl\/pspo\/wp-json\/wp\/v2\/pages"}],"about":[{"href":"https:\/\/www.pspo.edu.pl\/pspo\/wp-json\/wp\/v2\/types\/page"}],"author":[{"embeddable":true,"href":"https:\/\/www.pspo.edu.pl\/pspo\/wp-json\/wp\/v2\/users\/1"}],"replies":[{"embeddable":true,"href":"https:\/\/www.pspo.edu.pl\/pspo\/wp-json\/wp\/v2\/comments?post=876"}],"version-history":[{"count":13,"href":"https:\/\/www.pspo.edu.pl\/pspo\/wp-json\/wp\/v2\/pages\/876\/revisions"}],"predecessor-version":[{"id":1132,"href":"https:\/\/www.pspo.edu.pl\/pspo\/wp-json\/wp\/v2\/pages\/876\/revisions\/1132"}],"wp:attachment":[{"href":"https:\/\/www.pspo.edu.pl\/pspo\/wp-json\/wp\/v2\/media?parent=876"}],"curies":[{"name":"wp","href":"https:\/\/api.w.org\/{rel}","templated":true}]}}